{"id":1053,"date":"2022-09-16T07:05:45","date_gmt":"2022-09-16T07:05:45","guid":{"rendered":"https:\/\/kecskemetsymphony.com\/?page_id=1053"},"modified":"2025-11-20T09:11:06","modified_gmt":"2025-11-20T09:11:06","slug":"a-zenekar-tortenete","status":"publish","type":"page","link":"https:\/\/kecskemetsymphony.com\/index.php\/a-zenekar-tortenete\/","title":{"rendered":"A ZENEKAR T\u00d6RT\u00c9NETE"},"content":{"rendered":"\t\t<div data-elementor-type=\"wp-page\" data-elementor-id=\"1053\" class=\"elementor elementor-1053\">\n\t\t\t\t\t\t<section class=\"elementor-section elementor-top-section elementor-element elementor-element-fc7a877 elementor-section-boxed elementor-section-height-default elementor-section-height-default\" data-id=\"fc7a877\" data-element_type=\"section\" data-e-type=\"section\">\n\t\t\t\t\t\t<div class=\"elementor-container elementor-column-gap-default\">\n\t\t\t\t\t<div class=\"elementor-column elementor-col-100 elementor-top-column elementor-element elementor-element-446eefe\" data-id=\"446eefe\" data-element_type=\"column\" data-e-type=\"column\">\n\t\t\t<div class=\"elementor-widget-wrap elementor-element-populated\">\n\t\t\t\t\t\t<section class=\"elementor-section elementor-inner-section elementor-element elementor-element-710488f elementor-section-boxed elementor-section-height-default elementor-section-height-default\" data-id=\"710488f\" data-element_type=\"section\" data-e-type=\"section\">\n\t\t\t\t\t\t<div class=\"elementor-container elementor-column-gap-default\">\n\t\t\t\t\t<div class=\"elementor-column elementor-col-100 elementor-inner-column elementor-element elementor-element-ff963f5\" data-id=\"ff963f5\" data-element_type=\"column\" data-e-type=\"column\">\n\t\t\t<div class=\"elementor-widget-wrap elementor-element-populated\">\n\t\t\t\t\t\t<div class=\"elementor-element elementor-element-a0b862c elementor-widget elementor-widget-text-editor\" data-id=\"a0b862c\" data-element_type=\"widget\" data-e-type=\"widget\" data-widget_type=\"text-editor.default\">\n\t\t\t\t<div class=\"elementor-widget-container\">\n\t\t\t\t\t\t\t\t\t<p>A Kecskem\u00e9ti Szimfonikus Zenekar t\u00f6rt\u00e9nete<br \/><em>Palot\u00e1s J\u00f3zsef \u00edr\u00e1sa<\/em><\/p><p>\u201eA Kecskem\u00e9ti Lapok 1879. 06. 01-i sz\u00e1m\u00e1ban olvashatjuk: &#8222;A M\u0171kedvel\u0151k Zenekara megalakult s m\u00e1r meg is kezdte a pr\u00f3b\u00e1kat n\u00e9h\u00e1ny zamatos magyar dalb\u00f3l Baktay Mih\u00e1ly vezet\u00e9se alatt.&#8221; Ezzel vette kezdet\u00e9t a kecskem\u00e9ti &#8222;feln\u0151tt&#8221; zenekari zen\u00e9l\u00e9s \/iskolai szinten m\u00e1r r\u00e9g\u00f3ta volt, a Piarista Gimn\u00e1ziumban\/. Az egy\u00fcttes t\u00f6rt\u00e9net\u00e9ben fordul\u00f3pontot jelentett Kacs\u00f3h Pongr\u00e1c \u00e9s M. Bodon P\u00e1l Kecskem\u00e9tre j\u00f6vetele \/1909, illetve 1910\/. Ekkort\u00f3l kezdve komoly szimfonikus zen\u00e9l\u00e9s zajlott v\u00e1rosunkban. A f\u00e9nykor az 1930-as \u00e9vekben k\u00f6vetkezett el: Beethoven, Csajkovszkij, Grieg, Cezar Franck, Kod\u00e1ly, stb. darabokat is j\u00e1tszott a zenekar, M. Bodon P\u00e1l vez\u00e9nylet\u00e9vel.<\/p><p>A II. vil\u00e1gh\u00e1bor\u00fa ut\u00e1n elkezd\u0151d\u00f6tt a &#8222;megalakul\u00e1sok \u00e9s megsz\u0171n\u00e9sek&#8221; id\u0151szaka. L\u00e9nyeg\u00e9ben ugyanaz az egy\u00fcttes m\u0171k\u00f6d\u00f6tt k\u00fcl\u00f6nb\u00f6z\u0151 n\u00e9ven. 1946-ban megalakult a Kecskem\u00e9ti Hangversenyzenekar Jatzk\u00f3 Rezs\u0151 karnagy vezet\u00e9s\u00e9vel. 1948 j\u00falius\u00e1t\u00f3l VAOSZ zenekarnak nevezt\u00e9k a v\u00e1ros zenekar\u00e1t. A karmester Dank\u00f3 G\u00e9za lett, K\u00f3bori P\u00e1l a tagok n\u00e9vsor\u00e1t is k\u00f6zli nagyszer\u0171 kis k\u00f6nyv\u00e9ben. 1949. 10. 27-\u00e9n m\u00e1r azt \u00edrja a Kecskem\u00e9ti Lapok tud\u00f3s\u00edt\u00f3ja, hogy &#8222;megkezdte pr\u00f3b\u00e1it a Kecskem\u00e9ti Dolgoz\u00f3k Szimfonikus Zenekara Nemesszeghy Lajos karnagy ir\u00e1ny\u00edt\u00e1s\u00e1val.&#8221; Azt\u00e1n hamarosan Orvoseg\u00e9szs\u00e9g\u00fcgyi Zenekark\u00e9nt szerepelt a &#8222;v\u00e1rosi zenekar&#8221;, a karnagy Dr. R\u00e9thy Alad\u00e1r, a koncertmester Dr. Cso\u00f3 Zsigmond, a zenekari titk\u00e1r Dr. Szelei B\u00e9la volt.<\/p><p>K\u00f3bori P\u00e1l k\u00f6zli, hogy 1956. 02. 03-\u00e1n kimondt\u00e1k a Kecskem\u00e9ti Szimfonikus Zenekar megalakul\u00e1s\u00e1t. Innen kezdve hol &#8222;Orvosi Zenekar&#8221;, hol &#8222;v\u00e1rosi szimfonikusok&#8221;, hol SZMT Szimfonikus Zenekar volt a v\u00e1ros zenekara, m\u00edgnem 1966-ban megkezdte m\u0171k\u00f6d\u00e9s\u00e9t a mai Kecskem\u00e9ti Szimfonikus Zenekar. Megszervez\u00e9s\u00e9ben d\u00f6nt\u0151 szerepe volt az \u00c9nek-zenei \u00c1ltal\u00e1nos Iskola igazgat\u00f3j\u00e1nak, Nemesszeghy Lajosn\u00e9nak, illetve Nemesszeghy Lajos karnagynak \u00e9s Luk\u00e1cs J\u00e1nos zenekari titk\u00e1rnak. Eml\u00e9kezz\u00fcnk a zenekar karnagyaira! P\u00e1r \u00e9vig Nemesszeghy Lajos vez\u00e9nyelt, majd Kem\u00e9ny Endre vezette az egy\u00fcttest 1968-t\u00f3l 1985-ig. Ekkor Martos L\u00e1szl\u00f3 vette \u00e1t a zenekar vezet\u00e9s\u00e9t. 1990-t\u0151l 1996-ig D\u00f3bi\u00e1s P\u00e9ter volt a karnagy, azut\u00e1n 1996-t\u00f3l 2019-ig Gerh\u00e1t L\u00e1szl\u00f3 zongoram\u0171v\u00e9sz-karnagy volt a karmester-m\u0171v\u00e9szeti vezet\u0151. 2022 augusztus\u00e1t\u00f3l a zenekar m\u0171v\u00e9szeti vezet\u0151je Holl\u00f3k\u0151i Huba.\u201d\u00a0<\/p>\t\t\t\t\t\t\t\t<\/div>\n\t\t\t\t<\/div>\n\t\t\t\t<div class=\"elementor-element elementor-element-7b6aa8c elementor-widget elementor-widget-image\" data-id=\"7b6aa8c\" data-element_type=\"widget\" data-e-type=\"widget\" data-widget_type=\"image.default\">\n\t\t\t\t<div class=\"elementor-widget-container\">\n\t\t\t\t\t\t\t\t\t\t\t\t\t\t\t<img fetchpriority=\"high\" decoding=\"async\" width=\"768\" height=\"555\" src=\"https:\/\/kecskemetsymphony.com\/wp-content\/uploads\/2022\/09\/256593288_1493194261062366_9052369347732523924_n-768x555.jpg\" class=\"attachment-medium_large size-medium_large wp-image-1060\" alt=\"\" srcset=\"https:\/\/kecskemetsymphony.com\/wp-content\/uploads\/2022\/09\/256593288_1493194261062366_9052369347732523924_n-768x555.jpg 768w, https:\/\/kecskemetsymphony.com\/wp-content\/uploads\/2022\/09\/256593288_1493194261062366_9052369347732523924_n-300x217.jpg 300w, https:\/\/kecskemetsymphony.com\/wp-content\/uploads\/2022\/09\/256593288_1493194261062366_9052369347732523924_n-1024x740.jpg 1024w, https:\/\/kecskemetsymphony.com\/wp-content\/uploads\/2022\/09\/256593288_1493194261062366_9052369347732523924_n-1536x1109.jpg 1536w, https:\/\/kecskemetsymphony.com\/wp-content\/uploads\/2022\/09\/256593288_1493194261062366_9052369347732523924_n.jpg 1861w\" sizes=\"(max-width: 768px) 100vw, 768px\" \/>\t\t\t\t\t\t\t\t\t\t\t\t\t\t\t<\/div>\n\t\t\t\t<\/div>\n\t\t\t\t<div class=\"elementor-element elementor-element-9c01512 elementor-widget elementor-widget-text-editor\" data-id=\"9c01512\" data-element_type=\"widget\" data-e-type=\"widget\" data-widget_type=\"text-editor.default\">\n\t\t\t\t<div class=\"elementor-widget-container\">\n\t\t\t\t\t\t\t\t\t<p>A Kecskem\u00e9ti Szimfonikus Zenekar a Zeneakad\u00e9mi\u00e1n, 1974-ben. A m\u0171sorvezet\u0151 Antal Imre.<\/p>\t\t\t\t\t\t\t\t<\/div>\n\t\t\t\t<\/div>\n\t\t\t\t<div class=\"elementor-element elementor-element-68e7824 elementor-widget elementor-widget-image\" data-id=\"68e7824\" data-element_type=\"widget\" data-e-type=\"widget\" data-widget_type=\"image.default\">\n\t\t\t\t<div class=\"elementor-widget-container\">\n\t\t\t\t\t\t\t\t\t\t\t\t\t\t\t<img decoding=\"async\" width=\"768\" height=\"475\" src=\"https:\/\/kecskemetsymphony.com\/wp-content\/uploads\/2022\/09\/257279145_1493193481062444_3341500805781142073_n-768x475.jpg\" class=\"attachment-medium_large size-medium_large wp-image-1061\" alt=\"\" srcset=\"https:\/\/kecskemetsymphony.com\/wp-content\/uploads\/2022\/09\/257279145_1493193481062444_3341500805781142073_n-768x475.jpg 768w, https:\/\/kecskemetsymphony.com\/wp-content\/uploads\/2022\/09\/257279145_1493193481062444_3341500805781142073_n-300x185.jpg 300w, https:\/\/kecskemetsymphony.com\/wp-content\/uploads\/2022\/09\/257279145_1493193481062444_3341500805781142073_n-1024x633.jpg 1024w, https:\/\/kecskemetsymphony.com\/wp-content\/uploads\/2022\/09\/257279145_1493193481062444_3341500805781142073_n-1536x949.jpg 1536w, https:\/\/kecskemetsymphony.com\/wp-content\/uploads\/2022\/09\/257279145_1493193481062444_3341500805781142073_n.jpg 1544w\" sizes=\"(max-width: 768px) 100vw, 768px\" \/>\t\t\t\t\t\t\t\t\t\t\t\t\t\t\t<\/div>\n\t\t\t\t<\/div>\n\t\t\t\t<div class=\"elementor-element elementor-element-3678e37 elementor-widget elementor-widget-text-editor\" data-id=\"3678e37\" data-element_type=\"widget\" data-e-type=\"widget\" data-widget_type=\"text-editor.default\">\n\t\t\t\t<div class=\"elementor-widget-container\">\n\t\t\t\t\t\t\t\t\t<p>A Kecskem\u00e9ti Szimfonikus Zenekar 1970-ben. A karmester Kem\u00e9ny Endre.<\/p>\t\t\t\t\t\t\t\t<\/div>\n\t\t\t\t<\/div>\n\t\t\t\t<div class=\"elementor-element elementor-element-59fb214 elementor-widget elementor-widget-image\" data-id=\"59fb214\" data-element_type=\"widget\" data-e-type=\"widget\" data-widget_type=\"image.default\">\n\t\t\t\t<div class=\"elementor-widget-container\">\n\t\t\t\t\t\t\t\t\t\t\t\t\t\t\t<img decoding=\"async\" width=\"768\" height=\"503\" src=\"https:\/\/kecskemetsymphony.com\/wp-content\/uploads\/2022\/09\/258103899_1493194044395721_2235720861698879801_n-768x503.jpg\" class=\"attachment-medium_large size-medium_large wp-image-1063\" alt=\"\" srcset=\"https:\/\/kecskemetsymphony.com\/wp-content\/uploads\/2022\/09\/258103899_1493194044395721_2235720861698879801_n-768x503.jpg 768w, https:\/\/kecskemetsymphony.com\/wp-content\/uploads\/2022\/09\/258103899_1493194044395721_2235720861698879801_n-300x197.jpg 300w, https:\/\/kecskemetsymphony.com\/wp-content\/uploads\/2022\/09\/258103899_1493194044395721_2235720861698879801_n-1024x671.jpg 1024w, https:\/\/kecskemetsymphony.com\/wp-content\/uploads\/2022\/09\/258103899_1493194044395721_2235720861698879801_n-1536x1007.jpg 1536w, https:\/\/kecskemetsymphony.com\/wp-content\/uploads\/2022\/09\/258103899_1493194044395721_2235720861698879801_n.jpg 2048w\" sizes=\"(max-width: 768px) 100vw, 768px\" \/>\t\t\t\t\t\t\t\t\t\t\t\t\t\t\t<\/div>\n\t\t\t\t<\/div>\n\t\t\t\t<div class=\"elementor-element elementor-element-8019549 elementor-widget elementor-widget-text-editor\" data-id=\"8019549\" data-element_type=\"widget\" data-e-type=\"widget\" data-widget_type=\"text-editor.default\">\n\t\t\t\t<div class=\"elementor-widget-container\">\n\t\t\t\t\t\t\t\t\t<p>A Szimfonikus Zenekar a Reform\u00e1tus Iskol\u00e1ban. 2000-es \u00e9vek eleje.<\/p>\t\t\t\t\t\t\t\t<\/div>\n\t\t\t\t<\/div>\n\t\t\t\t<div class=\"elementor-element elementor-element-bce105f elementor-widget elementor-widget-image\" data-id=\"bce105f\" data-element_type=\"widget\" data-e-type=\"widget\" data-widget_type=\"image.default\">\n\t\t\t\t<div class=\"elementor-widget-container\">\n\t\t\t\t\t\t\t\t\t\t\t\t\t\t\t<img loading=\"lazy\" decoding=\"async\" width=\"1024\" height=\"381\" src=\"https:\/\/kecskemetsymphony.com\/wp-content\/uploads\/2022\/09\/257463410_1493194611062331_5766840585647879533_n-1024x381.jpg\" class=\"attachment-large size-large wp-image-1062\" alt=\"\" srcset=\"https:\/\/kecskemetsymphony.com\/wp-content\/uploads\/2022\/09\/257463410_1493194611062331_5766840585647879533_n-1024x381.jpg 1024w, https:\/\/kecskemetsymphony.com\/wp-content\/uploads\/2022\/09\/257463410_1493194611062331_5766840585647879533_n-300x112.jpg 300w, https:\/\/kecskemetsymphony.com\/wp-content\/uploads\/2022\/09\/257463410_1493194611062331_5766840585647879533_n-768x286.jpg 768w, https:\/\/kecskemetsymphony.com\/wp-content\/uploads\/2022\/09\/257463410_1493194611062331_5766840585647879533_n-1536x572.jpg 1536w, https:\/\/kecskemetsymphony.com\/wp-content\/uploads\/2022\/09\/257463410_1493194611062331_5766840585647879533_n.jpg 2048w\" sizes=\"(max-width: 1024px) 100vw, 1024px\" \/>\t\t\t\t\t\t\t\t\t\t\t\t\t\t\t<\/div>\n\t\t\t\t<\/div>\n\t\t\t\t<div class=\"elementor-element elementor-element-d002545 elementor-widget elementor-widget-text-editor\" data-id=\"d002545\" data-element_type=\"widget\" data-e-type=\"widget\" data-widget_type=\"text-editor.default\">\n\t\t\t\t<div class=\"elementor-widget-container\">\n\t\t\t\t\t\t\t\t\t<p>A Szimfonikus Zenekar 2017-ben. M\u0171v\u00e9szeti vezet\u0151 Gerh\u00e1t L\u00e1szl\u00f3.<\/p>\t\t\t\t\t\t\t\t<\/div>\n\t\t\t\t<\/div>\n\t\t\t\t\t<\/div>\n\t\t<\/div>\n\t\t\t\t\t<\/div>\n\t\t<\/section>\n\t\t\t\t\t<\/div>\n\t\t<\/div>\n\t\t\t\t\t<\/div>\n\t\t<\/section>\n\t\t\t\t<\/div>\n\t\t","protected":false},"excerpt":{"rendered":"<p>A Kecskem\u00e9ti Szimfonikus Zenekar t\u00f6rt\u00e9netePalot\u00e1s J\u00f3zsef \u00edr\u00e1sa \u201eA Kecskem\u00e9ti Lapok 1879. 06. 01-i sz\u00e1m\u00e1ban olvashatjuk: &#8222;A M\u0171kedvel\u0151k Zenekara megalakult s m\u00e1r meg is kezdte a pr\u00f3b\u00e1kat n\u00e9h\u00e1ny zamatos magyar dalb\u00f3l Baktay Mih\u00e1ly vezet\u00e9se alatt.&#8221; Ezzel vette kezdet\u00e9t a kecskem\u00e9ti &#8222;feln\u0151tt&#8221; zenekari zen\u00e9l\u00e9s \/iskolai szinten m\u00e1r r\u00e9g\u00f3ta volt, a Piarista Gimn\u00e1ziumban\/. Az egy\u00fcttes t\u00f6rt\u00e9net\u00e9ben fordul\u00f3pontot jelentett &#8230; <a title=\"A ZENEKAR T\u00d6RT\u00c9NETE\" class=\"read-more\" href=\"https:\/\/kecskemetsymphony.com\/index.php\/a-zenekar-tortenete\/\" aria-label=\"Read more about A ZENEKAR T\u00d6RT\u00c9NETE\">Olvass tov\u00e1bb<\/a><\/p>\n","protected":false},"author":1,"featured_media":0,"parent":0,"menu_order":0,"comment_status":"closed","ping_status":"closed","template":"","meta":{"footnotes":""},"class_list":["post-1053","page","type-page","status-publish"],"yoast_head":"<!-- This site is optimized with the Yoast SEO plugin v27.4 - https:\/\/yoast.com\/product\/yoast-seo-wordpress\/ -->\n<title>A ZENEKAR T\u00d6RT\u00c9NETE - Kecskem\u00e9ti Szimfonikus Zenekar<\/title>\n<meta name=\"robots\" content=\"index, follow, max-snippet:-1, max-image-preview:large, max-video-preview:-1\" \/>\n<link rel=\"canonical\" href=\"https:\/\/kecskemetsymphony.com\/index.php\/a-zenekar-tortenete\/\" \/>\n<meta property=\"og:locale\" content=\"hu_HU\" \/>\n<meta property=\"og:type\" content=\"article\" \/>\n<meta property=\"og:title\" content=\"A ZENEKAR T\u00d6RT\u00c9NETE - Kecskem\u00e9ti Szimfonikus Zenekar\" \/>\n<meta property=\"og:description\" content=\"A Kecskem\u00e9ti Szimfonikus Zenekar t\u00f6rt\u00e9netePalot\u00e1s J\u00f3zsef \u00edr\u00e1sa \u201eA Kecskem\u00e9ti Lapok 1879. 06. 01-i sz\u00e1m\u00e1ban olvashatjuk: &#8222;A M\u0171kedvel\u0151k Zenekara megalakult s m\u00e1r meg is kezdte a pr\u00f3b\u00e1kat n\u00e9h\u00e1ny zamatos magyar dalb\u00f3l Baktay Mih\u00e1ly vezet\u00e9se alatt.&#8221; Ezzel vette kezdet\u00e9t a kecskem\u00e9ti &#8222;feln\u0151tt&#8221; zenekari zen\u00e9l\u00e9s \/iskolai szinten m\u00e1r r\u00e9g\u00f3ta volt, a Piarista Gimn\u00e1ziumban\/. Az egy\u00fcttes t\u00f6rt\u00e9net\u00e9ben fordul\u00f3pontot jelentett ... Olvass tov\u00e1bb\" \/>\n<meta property=\"og:url\" content=\"https:\/\/kecskemetsymphony.com\/index.php\/a-zenekar-tortenete\/\" \/>\n<meta property=\"og:site_name\" content=\"Kecskem\u00e9ti Szimfonikus Zenekar\" \/>\n<meta property=\"article:publisher\" content=\"https:\/\/www.facebook.com\/kecskemetiszimfonikuszenekar\" \/>\n<meta property=\"article:modified_time\" content=\"2025-11-20T09:11:06+00:00\" \/>\n<meta property=\"og:image\" content=\"https:\/\/kecskemetsymphony.com\/wp-content\/uploads\/2022\/09\/256593288_1493194261062366_9052369347732523924_n.jpg\" \/>\n\t<meta property=\"og:image:width\" content=\"1861\" \/>\n\t<meta property=\"og:image:height\" content=\"1344\" \/>\n\t<meta property=\"og:image:type\" content=\"image\/jpeg\" \/>\n<meta name=\"twitter:card\" content=\"summary_large_image\" \/>\n<meta name=\"twitter:label1\" content=\"Becs\u00fclt olvas\u00e1si id\u0151\" \/>\n\t<meta name=\"twitter:data1\" content=\"3 perc\" \/>\n<script type=\"application\/ld+json\" class=\"yoast-schema-graph\">{\"@context\":\"https:\\\/\\\/schema.org\",\"@graph\":[{\"@type\":\"WebPage\",\"@id\":\"https:\\\/\\\/kecskemetsymphony.com\\\/index.php\\\/a-zenekar-tortenete\\\/\",\"url\":\"https:\\\/\\\/kecskemetsymphony.com\\\/index.php\\\/a-zenekar-tortenete\\\/\",\"name\":\"A ZENEKAR T\u00d6RT\u00c9NETE - Kecskem\u00e9ti Szimfonikus Zenekar\",\"isPartOf\":{\"@id\":\"https:\\\/\\\/kecskemetsymphony.com\\\/#website\"},\"primaryImageOfPage\":{\"@id\":\"https:\\\/\\\/kecskemetsymphony.com\\\/index.php\\\/a-zenekar-tortenete\\\/#primaryimage\"},\"image\":{\"@id\":\"https:\\\/\\\/kecskemetsymphony.com\\\/index.php\\\/a-zenekar-tortenete\\\/#primaryimage\"},\"thumbnailUrl\":\"https:\\\/\\\/kecskemetsymphony.com\\\/wp-content\\\/uploads\\\/2022\\\/09\\\/256593288_1493194261062366_9052369347732523924_n-768x555.jpg\",\"datePublished\":\"2022-09-16T07:05:45+00:00\",\"dateModified\":\"2025-11-20T09:11:06+00:00\",\"breadcrumb\":{\"@id\":\"https:\\\/\\\/kecskemetsymphony.com\\\/index.php\\\/a-zenekar-tortenete\\\/#breadcrumb\"},\"inLanguage\":\"hu\",\"potentialAction\":[{\"@type\":\"ReadAction\",\"target\":[\"https:\\\/\\\/kecskemetsymphony.com\\\/index.php\\\/a-zenekar-tortenete\\\/\"]}]},{\"@type\":\"ImageObject\",\"inLanguage\":\"hu\",\"@id\":\"https:\\\/\\\/kecskemetsymphony.com\\\/index.php\\\/a-zenekar-tortenete\\\/#primaryimage\",\"url\":\"https:\\\/\\\/kecskemetsymphony.com\\\/wp-content\\\/uploads\\\/2022\\\/09\\\/256593288_1493194261062366_9052369347732523924_n.jpg\",\"contentUrl\":\"https:\\\/\\\/kecskemetsymphony.com\\\/wp-content\\\/uploads\\\/2022\\\/09\\\/256593288_1493194261062366_9052369347732523924_n.jpg\",\"width\":1861,\"height\":1344},{\"@type\":\"BreadcrumbList\",\"@id\":\"https:\\\/\\\/kecskemetsymphony.com\\\/index.php\\\/a-zenekar-tortenete\\\/#breadcrumb\",\"itemListElement\":[{\"@type\":\"ListItem\",\"position\":1,\"name\":\"Home\",\"item\":\"https:\\\/\\\/kecskemetsymphony.com\\\/\"},{\"@type\":\"ListItem\",\"position\":2,\"name\":\"A ZENEKAR T\u00d6RT\u00c9NETE\"}]},{\"@type\":\"WebSite\",\"@id\":\"https:\\\/\\\/kecskemetsymphony.com\\\/#website\",\"url\":\"https:\\\/\\\/kecskemetsymphony.com\\\/\",\"name\":\"Kecskem\u00e9ti Szimfonikus Zenekar\",\"description\":\"Kecskem\u00e9ti Szimfonikus Zenekar honlapja\",\"publisher\":{\"@id\":\"https:\\\/\\\/kecskemetsymphony.com\\\/#organization\"},\"potentialAction\":[{\"@type\":\"SearchAction\",\"target\":{\"@type\":\"EntryPoint\",\"urlTemplate\":\"https:\\\/\\\/kecskemetsymphony.com\\\/?s={search_term_string}\"},\"query-input\":{\"@type\":\"PropertyValueSpecification\",\"valueRequired\":true,\"valueName\":\"search_term_string\"}}],\"inLanguage\":\"hu\"},{\"@type\":\"Organization\",\"@id\":\"https:\\\/\\\/kecskemetsymphony.com\\\/#organization\",\"name\":\"Kecskem\u00e9ti Szimfonikus Zenekar\",\"url\":\"https:\\\/\\\/kecskemetsymphony.com\\\/\",\"logo\":{\"@type\":\"ImageObject\",\"inLanguage\":\"hu\",\"@id\":\"https:\\\/\\\/kecskemetsymphony.com\\\/#\\\/schema\\\/logo\\\/image\\\/\",\"url\":\"https:\\\/\\\/kecskemetsymphony.com\\\/wp-content\\\/uploads\\\/2022\\\/04\\\/cropped-KS_BRAND_FB_PROFILE_1.jpg\",\"contentUrl\":\"https:\\\/\\\/kecskemetsymphony.com\\\/wp-content\\\/uploads\\\/2022\\\/04\\\/cropped-KS_BRAND_FB_PROFILE_1.jpg\",\"width\":480,\"height\":480,\"caption\":\"Kecskem\u00e9ti Szimfonikus Zenekar\"},\"image\":{\"@id\":\"https:\\\/\\\/kecskemetsymphony.com\\\/#\\\/schema\\\/logo\\\/image\\\/\"},\"sameAs\":[\"https:\\\/\\\/www.facebook.com\\\/kecskemetiszimfonikuszenekar\"]}]}<\/script>\n<!-- \/ Yoast SEO plugin. -->","yoast_head_json":{"title":"A ZENEKAR T\u00d6RT\u00c9NETE - Kecskem\u00e9ti Szimfonikus Zenekar","robots":{"index":"index","follow":"follow","max-snippet":"max-snippet:-1","max-image-preview":"max-image-preview:large","max-video-preview":"max-video-preview:-1"},"canonical":"https:\/\/kecskemetsymphony.com\/index.php\/a-zenekar-tortenete\/","og_locale":"hu_HU","og_type":"article","og_title":"A ZENEKAR T\u00d6RT\u00c9NETE - Kecskem\u00e9ti Szimfonikus Zenekar","og_description":"A Kecskem\u00e9ti Szimfonikus Zenekar t\u00f6rt\u00e9netePalot\u00e1s J\u00f3zsef \u00edr\u00e1sa \u201eA Kecskem\u00e9ti Lapok 1879. 06. 01-i sz\u00e1m\u00e1ban olvashatjuk: &#8222;A M\u0171kedvel\u0151k Zenekara megalakult s m\u00e1r meg is kezdte a pr\u00f3b\u00e1kat n\u00e9h\u00e1ny zamatos magyar dalb\u00f3l Baktay Mih\u00e1ly vezet\u00e9se alatt.&#8221; Ezzel vette kezdet\u00e9t a kecskem\u00e9ti &#8222;feln\u0151tt&#8221; zenekari zen\u00e9l\u00e9s \/iskolai szinten m\u00e1r r\u00e9g\u00f3ta volt, a Piarista Gimn\u00e1ziumban\/. Az egy\u00fcttes t\u00f6rt\u00e9net\u00e9ben fordul\u00f3pontot jelentett ... Olvass tov\u00e1bb","og_url":"https:\/\/kecskemetsymphony.com\/index.php\/a-zenekar-tortenete\/","og_site_name":"Kecskem\u00e9ti Szimfonikus Zenekar","article_publisher":"https:\/\/www.facebook.com\/kecskemetiszimfonikuszenekar","article_modified_time":"2025-11-20T09:11:06+00:00","og_image":[{"width":1861,"height":1344,"url":"https:\/\/kecskemetsymphony.com\/wp-content\/uploads\/2022\/09\/256593288_1493194261062366_9052369347732523924_n.jpg","type":"image\/jpeg"}],"twitter_card":"summary_large_image","twitter_misc":{"Becs\u00fclt olvas\u00e1si id\u0151":"3 perc"},"schema":{"@context":"https:\/\/schema.org","@graph":[{"@type":"WebPage","@id":"https:\/\/kecskemetsymphony.com\/index.php\/a-zenekar-tortenete\/","url":"https:\/\/kecskemetsymphony.com\/index.php\/a-zenekar-tortenete\/","name":"A ZENEKAR T\u00d6RT\u00c9NETE - Kecskem\u00e9ti Szimfonikus Zenekar","isPartOf":{"@id":"https:\/\/kecskemetsymphony.com\/#website"},"primaryImageOfPage":{"@id":"https:\/\/kecskemetsymphony.com\/index.php\/a-zenekar-tortenete\/#primaryimage"},"image":{"@id":"https:\/\/kecskemetsymphony.com\/index.php\/a-zenekar-tortenete\/#primaryimage"},"thumbnailUrl":"https:\/\/kecskemetsymphony.com\/wp-content\/uploads\/2022\/09\/256593288_1493194261062366_9052369347732523924_n-768x555.jpg","datePublished":"2022-09-16T07:05:45+00:00","dateModified":"2025-11-20T09:11:06+00:00","breadcrumb":{"@id":"https:\/\/kecskemetsymphony.com\/index.php\/a-zenekar-tortenete\/#breadcrumb"},"inLanguage":"hu","potentialAction":[{"@type":"ReadAction","target":["https:\/\/kecskemetsymphony.com\/index.php\/a-zenekar-tortenete\/"]}]},{"@type":"ImageObject","inLanguage":"hu","@id":"https:\/\/kecskemetsymphony.com\/index.php\/a-zenekar-tortenete\/#primaryimage","url":"https:\/\/kecskemetsymphony.com\/wp-content\/uploads\/2022\/09\/256593288_1493194261062366_9052369347732523924_n.jpg","contentUrl":"https:\/\/kecskemetsymphony.com\/wp-content\/uploads\/2022\/09\/256593288_1493194261062366_9052369347732523924_n.jpg","width":1861,"height":1344},{"@type":"BreadcrumbList","@id":"https:\/\/kecskemetsymphony.com\/index.php\/a-zenekar-tortenete\/#breadcrumb","itemListElement":[{"@type":"ListItem","position":1,"name":"Home","item":"https:\/\/kecskemetsymphony.com\/"},{"@type":"ListItem","position":2,"name":"A ZENEKAR T\u00d6RT\u00c9NETE"}]},{"@type":"WebSite","@id":"https:\/\/kecskemetsymphony.com\/#website","url":"https:\/\/kecskemetsymphony.com\/","name":"Kecskem\u00e9ti Szimfonikus Zenekar","description":"Kecskem\u00e9ti Szimfonikus Zenekar honlapja","publisher":{"@id":"https:\/\/kecskemetsymphony.com\/#organization"},"potentialAction":[{"@type":"SearchAction","target":{"@type":"EntryPoint","urlTemplate":"https:\/\/kecskemetsymphony.com\/?s={search_term_string}"},"query-input":{"@type":"PropertyValueSpecification","valueRequired":true,"valueName":"search_term_string"}}],"inLanguage":"hu"},{"@type":"Organization","@id":"https:\/\/kecskemetsymphony.com\/#organization","name":"Kecskem\u00e9ti Szimfonikus Zenekar","url":"https:\/\/kecskemetsymphony.com\/","logo":{"@type":"ImageObject","inLanguage":"hu","@id":"https:\/\/kecskemetsymphony.com\/#\/schema\/logo\/image\/","url":"https:\/\/kecskemetsymphony.com\/wp-content\/uploads\/2022\/04\/cropped-KS_BRAND_FB_PROFILE_1.jpg","contentUrl":"https:\/\/kecskemetsymphony.com\/wp-content\/uploads\/2022\/04\/cropped-KS_BRAND_FB_PROFILE_1.jpg","width":480,"height":480,"caption":"Kecskem\u00e9ti Szimfonikus Zenekar"},"image":{"@id":"https:\/\/kecskemetsymphony.com\/#\/schema\/logo\/image\/"},"sameAs":["https:\/\/www.facebook.com\/kecskemetiszimfonikuszenekar"]}]}},"_links":{"self":[{"href":"https:\/\/kecskemetsymphony.com\/index.php\/wp-json\/wp\/v2\/pages\/1053","targetHints":{"allow":["GET"]}}],"collection":[{"href":"https:\/\/kecskemetsymphony.com\/index.php\/wp-json\/wp\/v2\/pages"}],"about":[{"href":"https:\/\/kecskemetsymphony.com\/index.php\/wp-json\/wp\/v2\/types\/page"}],"author":[{"embeddable":true,"href":"https:\/\/kecskemetsymphony.com\/index.php\/wp-json\/wp\/v2\/users\/1"}],"replies":[{"embeddable":true,"href":"https:\/\/kecskemetsymphony.com\/index.php\/wp-json\/wp\/v2\/comments?post=1053"}],"version-history":[{"count":36,"href":"https:\/\/kecskemetsymphony.com\/index.php\/wp-json\/wp\/v2\/pages\/1053\/revisions"}],"predecessor-version":[{"id":3551,"href":"https:\/\/kecskemetsymphony.com\/index.php\/wp-json\/wp\/v2\/pages\/1053\/revisions\/3551"}],"wp:attachment":[{"href":"https:\/\/kecskemetsymphony.com\/index.php\/wp-json\/wp\/v2\/media?parent=1053"}],"curies":[{"name":"wp","href":"https:\/\/api.w.org\/{rel}","templated":true}]}}