{"id":1922,"date":"2023-03-07T14:23:04","date_gmt":"2023-03-07T14:23:04","guid":{"rendered":"https:\/\/kecskemetsymphony.com\/?page_id=1922"},"modified":"2026-03-23T07:55:23","modified_gmt":"2026-03-23T07:55:23","slug":"5th-international-masterclass-with-jorma-panula","status":"publish","type":"page","link":"https:\/\/kecskemetsymphony.com\/index.php\/en\/5th-international-masterclass-with-jorma-panula\/","title":{"rendered":"5th International Masterclass with Jorma Panula"},"content":{"rendered":"\t\t<div data-elementor-type=\"wp-page\" data-elementor-id=\"1922\" class=\"elementor elementor-1922\">\n\t\t\t\t\t\t<section class=\"elementor-section elementor-top-section elementor-element elementor-element-986888a elementor-section-boxed elementor-section-height-default elementor-section-height-default\" data-id=\"986888a\" data-element_type=\"section\" data-e-type=\"section\">\n\t\t\t\t\t\t<div class=\"elementor-container elementor-column-gap-default\">\n\t\t\t\t\t<div class=\"elementor-column elementor-col-100 elementor-top-column elementor-element elementor-element-4948fc9\" data-id=\"4948fc9\" data-element_type=\"column\" data-e-type=\"column\">\n\t\t\t<div class=\"elementor-widget-wrap elementor-element-populated\">\n\t\t\t\t\t\t<div class=\"elementor-element elementor-element-61397ac elementor-widget elementor-widget-heading\" data-id=\"61397ac\" data-element_type=\"widget\" data-e-type=\"widget\" data-widget_type=\"heading.default\">\n\t\t\t\t<div class=\"elementor-widget-container\">\n\t\t\t\t\t<h2 class=\"elementor-heading-title elementor-size-default\">The 5th International Masterclass with Jorma Panula will be held from 22-27th of June, 2026<\/h2>\t\t\t\t<\/div>\n\t\t\t\t<\/div>\n\t\t\t\t\t<\/div>\n\t\t<\/div>\n\t\t\t\t\t<\/div>\n\t\t<\/section>\n\t\t\t\t<section class=\"elementor-section elementor-top-section elementor-element elementor-element-4caea6f elementor-section-boxed elementor-section-height-default elementor-section-height-default\" data-id=\"4caea6f\" data-element_type=\"section\" data-e-type=\"section\">\n\t\t\t\t\t\t<div class=\"elementor-container elementor-column-gap-default\">\n\t\t\t\t\t<div class=\"elementor-column elementor-col-100 elementor-top-column elementor-element elementor-element-1da4e85\" data-id=\"1da4e85\" data-element_type=\"column\" data-e-type=\"column\">\n\t\t\t<div class=\"elementor-widget-wrap elementor-element-populated\">\n\t\t\t\t\t\t<section class=\"elementor-section elementor-inner-section elementor-element elementor-element-ee5587c elementor-section-boxed elementor-section-height-default elementor-section-height-default\" data-id=\"ee5587c\" data-element_type=\"section\" data-e-type=\"section\">\n\t\t\t\t\t\t<div class=\"elementor-container elementor-column-gap-default\">\n\t\t\t\t\t<div class=\"elementor-column elementor-col-100 elementor-inner-column elementor-element elementor-element-d790965\" data-id=\"d790965\" data-element_type=\"column\" data-e-type=\"column\">\n\t\t\t<div class=\"elementor-widget-wrap elementor-element-populated\">\n\t\t\t\t\t\t<div class=\"elementor-element elementor-element-6c8fb23 elementor-widget elementor-widget-text-editor\" data-id=\"6c8fb23\" data-element_type=\"widget\" data-e-type=\"widget\" data-widget_type=\"text-editor.default\">\n\t\t\t\t<div class=\"elementor-widget-container\">\n\t\t\t\t\t\t\t\t\t<p>The Kecskem\u00e9t Symphony Orchestra presents an international master course for conductors from 22-27th of June, 2026, led by the world-famous Finnish conductor and educator, Jorma Panula. <br \/>Conductors can apply for the master course without any age limit. Based on the submitted videos, Maestro Panula will select up to 10 active participants. Each active participant will have at least 110 minutes on the podium, where they will have the opportunity to work with a full symphony orchestra. A video recording of the orchestral rehearsals will be made, which will be analysed by Maestro during the afternoon sessions, along with the participants. Selected active participants will have the opportunity to perform in front of the audience at the closing concert on the 27th of June in the Great Hall of the H\u00edr\u00f6s Ag\u00f3ra. Passive participation in the master course is also possible, subject to pre-registration. Passive participants will be able to follow the orchestral rehearsals and afternoon video classes from the auditorium, as well as receive a ticket to the closing concert.<br \/>The language of the master course is English.<\/p><p><span style=\"font-size: x-large;\">Jorma Panula, professor<\/span><br \/>Jorma Panula was born in 1930 in Finland. From 1963 to 1965 he was conductor and artistic director of the Turku Philharmonic Orchestra, and from 1965 to 1972 he held the same position at the Helsinki Philharmonic and from 1970 to 1973 at the Aarhus Symphony Orchestra in Denmark. He also regularly conducted the Finnish National Opera. As a professor at the Sibelius Academy in Helsinki, Maestro Panula established the international reputation of the institution&#8217;s conductor&#8217;s department between 1973 and 1994. During his tenure, conductors such as Esa-Pekka Salonen, Mikko Franck, Sakari Oramo, Jukka-Pekka Saraste or Osmo V\u00e4nsk\u00e4 emerged from his class. He has also taught as a professor at the Royal Academy of Music in Stockholm and Copenhagen. He regularly holds master classes around the world, including London, Paris, Amsterdam, Moscow, the United States and Japan &#8211; and now in Kecskem\u00e9t. Jorma Panula studied church music and conducting at the Sibelius Academy. His teachers were Leo Funtek, Dean Dixon, Albert Wolff and Franco Ferrara. In addition to conducting, he is also renowned composer. His operas, Jaako Ilkka and the River Opera established a genre entitled &#8222;performance opera&#8221; for its fusion of music, visual art and the art of daily life. Panula&#8217;s other compositions include musicals, church music, a violin concerto, jazz capriccio and numerous pieces of vocal music.<\/p><p><span style=\"font-size: x-large;\">Huba Holl\u00f3k\u0151i &#8211; organiser, assistant teacher<\/span><br \/>Hungarian born Huba Holl\u00f3k\u0151i is an award winning conductor, violinist, opera director and arranger. Since 2022 he is artistic director of the\u00a0<a>Kecskem\u00e9t Symphony Orchestra<\/a>.\u00a0As a conductor, Holl\u00f3k\u0151i has worked with leading symphony orchestras around the world, including the Netherland Philharmonic Orchestra, Residentie Orchestra, Noord Netherland Orchestra, Dutch Ballet Orchestra, Lahti Symphony Orchestra, Oulu Symphony Orchestra, Kuopio Symphony Orchestra, S\u00f8nderjyllands Symphony Orchestra, OSUG Symphony Orchestra, M\u00c1V Symphony Orchestra, Danubia Symphony Orchestra, as well as the Miskolc Symphony Orchestra, Gy\u0151r Symphony Orchestra. He made his Concertgebouw debut in 2017 with the Philharmonie S\u00fcdwestfalen. Holl\u00f3k\u0151i regularly appears with the M\u00c1V Symphony Orchestra, the Joensuu City Orchestra as well as the Filarmonica Mihail Jora Bac\u0103u. His soloist partners were Barnab\u00e1s Kelemen, Minna Pensola (violin), Suzana Bartal, Janne Mertanen, Bal\u00e1zs F\u00fclei, Viniciu Moroianu, Oana Csiky (piano), Stefan Danifeld (horn), Hugo Manzanilla Victoria (clarinet), among others.<br \/>Holl\u00f3k\u0151i is a sought after opera conductor; several of his productions have received critical acclaim, including Bizet&#8217;s Carmen, Verdi&#8217;s Rigoletto, a handful of Mozart operas, Beethoven\u2019s Fidelio, and the Finnish premier of Cesar Cui\u2019s \u201cPuss in boots\u201d children opera. He debuted as stage director with Donizetti\u2019s L\u2019elisir D\u2019amore. He conducted a dozen of contemporary music premiers on the &#8222;Iubi\u021bi Muzica Rom\u00e2neasca!&#8221; festival in Oradea, \u201cIntrada\u201d Festival in Timisoara, with the UMZE Ensemble in Budapest, and also prepared the premiere of Monique Kr\u00fcs&#8217;s opera, Anne Frank.<\/p><p><strong>Location:<\/strong><br \/>H\u00edr\u00f6s Ag\u00f3ra (HA)<br \/>Kecskem\u00e9t, De\u00e1k Ferenc t\u00e9r 1<br \/>6000<br \/>Hungary<\/p><p><strong>Repertoire:<\/strong><br \/>Mozart: Cosi fan Tutte Overture<br \/>Klami: Nummisuutarit Overture<br \/>Beethoven: Coriolanus Overture<br \/>Rossini: L&#8217;italiana i Algeri Overture<br \/>Lars-Erik Larsson: Pastoral Suite\u00a0<br \/>Sibelius: Valse triste<br \/>Beethoven: 7th Symphony<\/p><p><strong>Schedule:<\/strong><br \/><span style=\"text-decoration: underline;\">22. 06. 2026<\/span><br \/>&#8211; 08:00 Registration, H\u00edr\u00f6s Ag\u00f3ra (HA),foyer<br \/>&#8211; 09:00-13:00 Orchestral rehearsal with the conductors, recorded on video HA Great Hall<br \/>&#8211; 13:00-14:30 Lunch break<br \/>&#8211; 14:30-17:00 Video analysis HA Small Hall<br \/><span style=\"text-decoration: underline;\">23. 06.<\/span><br \/>&#8211; 09:00-13:00 Orchestral rehearsal with the conductors, recorded on video HA Great Hall<br \/>&#8211; 13:00-14:30 Lunch break<br \/>&#8211; 14:30-17:00 Video analysis HA Small Hall<br \/><span style=\"text-decoration: underline;\">24. 06.<\/span><br \/>&#8211; 09:00-13:00 Orchestral rehearsal with the conductors, recorded on video HA Great Hall<br \/>&#8211; 13:00-14:30 Lunch break<br \/>&#8211; 14:30-17:00 Video analysis HA Small Hall<br \/><span style=\"text-decoration: underline;\">25.6.<\/span><br \/>&#8211; 09:00-13:00 Orchestral rehearsal with the conductors, recorded on video HA Great Hall<br \/>&#8211; 13:00-14:30 Lunch break<br \/>&#8211; 14:30-17:00 Video analysis HA Small Hall<br \/><span style=\"text-decoration: underline;\">26.6.<\/span><br \/>&#8211; 09: 00-13:00 Orchestral rehearsal with the conductors, recorded on video HA Great Hall<br \/>&#8211; 13:00-14:30 Lunch break<br \/>&#8211; 14:30-17:00 Video analysis HA Small Room<br \/><span style=\"text-decoration: underline;\">27.6.<\/span><br \/>&#8211; 15:00-18:00 Orchestral rehearsal HA Great Hall<br \/>Concert program<br \/>&#8211; 19:00-21:30 Closing Concert HA Great Hall<\/p><p><strong>Application:<\/strong><br \/>You can apply for the master course by filling out the online <a href=\"https:\/\/kecskemetsymphony.com\/index.php\/en\/application-to-the-masterclass-with-jorma-panula\/\">application form<\/a> until <strong>11th of May<\/strong>.<br \/><span style=\"text-decoration: underline;\">To apply one needs to submit:<\/span><br \/>&#8211; Name, age, contact (email and phone number)<br \/>&#8211; Biography in English<br \/>&#8211; A video recording of a concert or rehearsal that is no longer than 30 minutes and contains at least two contrasting styles of works or movements. The video must show the conductor from the front, from the orchestra point of view. We only accept Youtube or other, streamable links.<\/p><p><strong style=\"font-family: var( --e-global-typography-text-font-family ), Sans-serif;\">Successful applicants will be notified by email before 18th of May.<\/strong><\/p><p><strong>Course fee:<\/strong><br \/>The fee for the master course is 2400 Euro. Successful applicants must make a deposit of 900 Euros by 29th of May to the fee requester sent by H\u00edr\u00f6s Ag\u00f3ra. The remaining instalment (1500 Euro) must be paid upon arrival, by bank transfer, or on the spot, in cash.<br \/>For passive participants, the course fee is 120 Euro and is due upon arrival. Pre-registration is required by 15th of June at info@hubahollokoi.com.<br \/>In the event that the organizer is forced to cancel the master course due to unforeseen circumstances, the participation fees will be refunded in full. However, we do not accept any liability for additional costs such as travel and accommodation. If the participant is forced to cancel the course due to circumstances beyond his \/ her control, the course fee may be refundable at the discretion of the organizer.<br \/>Travel, Accommodation:<br \/>Participants must provide accommodation and travel themselves. We recommend that you book in advance using the online hotel booking pages.<\/p>\t\t\t\t\t\t\t\t<\/div>\n\t\t\t\t<\/div>\n\t\t\t\t<div class=\"elementor-element elementor-element-b55f64e elementor-widget elementor-widget-google_maps\" data-id=\"b55f64e\" data-element_type=\"widget\" data-e-type=\"widget\" data-widget_type=\"google_maps.default\">\n\t\t\t\t<div class=\"elementor-widget-container\">\n\t\t\t\t\t\t\t<div class=\"elementor-custom-embed\">\n\t\t\t<iframe loading=\"lazy\"\n\t\t\t\t\tsrc=\"https:\/\/maps.google.com\/maps?q=H%C3%ADr%C3%B6s%20Ag%C3%B3ra%20Kecskem%C3%A9t%20&#038;t=m&#038;z=15&#038;output=embed&#038;iwloc=near\"\n\t\t\t\t\ttitle=\"H\u00edr\u00f6s Ag\u00f3ra Kecskem\u00e9t \"\n\t\t\t\t\taria-label=\"H\u00edr\u00f6s Ag\u00f3ra Kecskem\u00e9t \"\n\t\t\t><\/iframe>\n\t\t<\/div>\n\t\t\t\t\t\t<\/div>\n\t\t\t\t<\/div>\n\t\t\t\t\t<\/div>\n\t\t<\/div>\n\t\t\t\t\t<\/div>\n\t\t<\/section>\n\t\t\t\t\t<\/div>\n\t\t<\/div>\n\t\t\t\t\t<\/div>\n\t\t<\/section>\n\t\t\t\t<\/div>\n\t\t","protected":false},"excerpt":{"rendered":"<p>The 5th International Masterclass with Jorma Panula will be held from 22-27th of June, 2026 The Kecskem\u00e9t Symphony Orchestra presents an international master course for conductors from 22-27th of June, 2026, led by the world-famous Finnish conductor and educator, Jorma Panula. Conductors can apply for the master course without any age limit. Based on the &#8230; <a title=\"5th International Masterclass with Jorma Panula\" class=\"read-more\" href=\"https:\/\/kecskemetsymphony.com\/index.php\/en\/5th-international-masterclass-with-jorma-panula\/\" aria-label=\"Read more about 5th International Masterclass with Jorma Panula\">Olvass tov\u00e1bb<\/a><\/p>\n","protected":false},"author":1,"featured_media":0,"parent":0,"menu_order":0,"comment_status":"closed","ping_status":"closed","template":"","meta":{"footnotes":""},"class_list":["post-1922","page","type-page","status-publish"],"yoast_head":"<!-- This site is optimized with the Yoast SEO plugin v27.3 - https:\/\/yoast.com\/product\/yoast-seo-wordpress\/ -->\n<title>5th International Masterclass with Jorma Panula - Kecskem\u00e9ti Szimfonikus Zenekar<\/title>\n<meta name=\"robots\" content=\"index, follow, max-snippet:-1, max-image-preview:large, max-video-preview:-1\" \/>\n<link rel=\"canonical\" href=\"https:\/\/kecskemetsymphony.com\/index.php\/en\/5th-international-masterclass-with-jorma-panula\/\" \/>\n<meta property=\"og:locale\" content=\"hu_HU\" \/>\n<meta property=\"og:type\" content=\"article\" \/>\n<meta property=\"og:title\" content=\"5th International Masterclass with Jorma Panula - Kecskem\u00e9ti Szimfonikus Zenekar\" \/>\n<meta property=\"og:description\" content=\"The 5th International Masterclass with Jorma Panula will be held from 22-27th of June, 2026 The Kecskem\u00e9t Symphony Orchestra presents an international master course for conductors from 22-27th of June, 2026, led by the world-famous Finnish conductor and educator, Jorma Panula. Conductors can apply for the master course without any age limit. Based on the ... Olvass tov\u00e1bb\" \/>\n<meta property=\"og:url\" content=\"https:\/\/kecskemetsymphony.com\/index.php\/en\/5th-international-masterclass-with-jorma-panula\/\" \/>\n<meta property=\"og:site_name\" content=\"Kecskem\u00e9ti Szimfonikus Zenekar\" \/>\n<meta property=\"article:publisher\" content=\"https:\/\/www.facebook.com\/kecskemetiszimfonikuszenekar\" \/>\n<meta property=\"article:modified_time\" content=\"2026-03-23T07:55:23+00:00\" \/>\n<meta name=\"twitter:card\" content=\"summary_large_image\" \/>\n<meta name=\"twitter:label1\" content=\"Becs\u00fclt olvas\u00e1si id\u0151\" \/>\n\t<meta name=\"twitter:data1\" content=\"6 perc\" \/>\n<script type=\"application\/ld+json\" class=\"yoast-schema-graph\">{\"@context\":\"https:\\\/\\\/schema.org\",\"@graph\":[{\"@type\":\"WebPage\",\"@id\":\"https:\\\/\\\/kecskemetsymphony.com\\\/index.php\\\/en\\\/5th-international-masterclass-with-jorma-panula\\\/\",\"url\":\"https:\\\/\\\/kecskemetsymphony.com\\\/index.php\\\/en\\\/5th-international-masterclass-with-jorma-panula\\\/\",\"name\":\"5th International Masterclass with Jorma Panula - Kecskem\u00e9ti Szimfonikus Zenekar\",\"isPartOf\":{\"@id\":\"https:\\\/\\\/kecskemetsymphony.com\\\/#website\"},\"datePublished\":\"2023-03-07T14:23:04+00:00\",\"dateModified\":\"2026-03-23T07:55:23+00:00\",\"breadcrumb\":{\"@id\":\"https:\\\/\\\/kecskemetsymphony.com\\\/index.php\\\/en\\\/5th-international-masterclass-with-jorma-panula\\\/#breadcrumb\"},\"inLanguage\":\"hu\",\"potentialAction\":[{\"@type\":\"ReadAction\",\"target\":[\"https:\\\/\\\/kecskemetsymphony.com\\\/index.php\\\/en\\\/5th-international-masterclass-with-jorma-panula\\\/\"]}]},{\"@type\":\"BreadcrumbList\",\"@id\":\"https:\\\/\\\/kecskemetsymphony.com\\\/index.php\\\/en\\\/5th-international-masterclass-with-jorma-panula\\\/#breadcrumb\",\"itemListElement\":[{\"@type\":\"ListItem\",\"position\":1,\"name\":\"Home\",\"item\":\"https:\\\/\\\/kecskemetsymphony.com\\\/\"},{\"@type\":\"ListItem\",\"position\":2,\"name\":\"5th International Masterclass with Jorma Panula\"}]},{\"@type\":\"WebSite\",\"@id\":\"https:\\\/\\\/kecskemetsymphony.com\\\/#website\",\"url\":\"https:\\\/\\\/kecskemetsymphony.com\\\/\",\"name\":\"Kecskem\u00e9ti Szimfonikus Zenekar\",\"description\":\"Kecskem\u00e9ti Szimfonikus Zenekar honlapja\",\"publisher\":{\"@id\":\"https:\\\/\\\/kecskemetsymphony.com\\\/#organization\"},\"potentialAction\":[{\"@type\":\"SearchAction\",\"target\":{\"@type\":\"EntryPoint\",\"urlTemplate\":\"https:\\\/\\\/kecskemetsymphony.com\\\/?s={search_term_string}\"},\"query-input\":{\"@type\":\"PropertyValueSpecification\",\"valueRequired\":true,\"valueName\":\"search_term_string\"}}],\"inLanguage\":\"hu\"},{\"@type\":\"Organization\",\"@id\":\"https:\\\/\\\/kecskemetsymphony.com\\\/#organization\",\"name\":\"Kecskem\u00e9ti Szimfonikus Zenekar\",\"url\":\"https:\\\/\\\/kecskemetsymphony.com\\\/\",\"logo\":{\"@type\":\"ImageObject\",\"inLanguage\":\"hu\",\"@id\":\"https:\\\/\\\/kecskemetsymphony.com\\\/#\\\/schema\\\/logo\\\/image\\\/\",\"url\":\"https:\\\/\\\/kecskemetsymphony.com\\\/wp-content\\\/uploads\\\/2022\\\/04\\\/cropped-KS_BRAND_FB_PROFILE_1.jpg\",\"contentUrl\":\"https:\\\/\\\/kecskemetsymphony.com\\\/wp-content\\\/uploads\\\/2022\\\/04\\\/cropped-KS_BRAND_FB_PROFILE_1.jpg\",\"width\":480,\"height\":480,\"caption\":\"Kecskem\u00e9ti Szimfonikus Zenekar\"},\"image\":{\"@id\":\"https:\\\/\\\/kecskemetsymphony.com\\\/#\\\/schema\\\/logo\\\/image\\\/\"},\"sameAs\":[\"https:\\\/\\\/www.facebook.com\\\/kecskemetiszimfonikuszenekar\"]}]}<\/script>\n<!-- \/ Yoast SEO plugin. -->","yoast_head_json":{"title":"5th International Masterclass with Jorma Panula - Kecskem\u00e9ti Szimfonikus Zenekar","robots":{"index":"index","follow":"follow","max-snippet":"max-snippet:-1","max-image-preview":"max-image-preview:large","max-video-preview":"max-video-preview:-1"},"canonical":"https:\/\/kecskemetsymphony.com\/index.php\/en\/5th-international-masterclass-with-jorma-panula\/","og_locale":"hu_HU","og_type":"article","og_title":"5th International Masterclass with Jorma Panula - Kecskem\u00e9ti Szimfonikus Zenekar","og_description":"The 5th International Masterclass with Jorma Panula will be held from 22-27th of June, 2026 The Kecskem\u00e9t Symphony Orchestra presents an international master course for conductors from 22-27th of June, 2026, led by the world-famous Finnish conductor and educator, Jorma Panula. Conductors can apply for the master course without any age limit. Based on the ... Olvass tov\u00e1bb","og_url":"https:\/\/kecskemetsymphony.com\/index.php\/en\/5th-international-masterclass-with-jorma-panula\/","og_site_name":"Kecskem\u00e9ti Szimfonikus Zenekar","article_publisher":"https:\/\/www.facebook.com\/kecskemetiszimfonikuszenekar","article_modified_time":"2026-03-23T07:55:23+00:00","twitter_card":"summary_large_image","twitter_misc":{"Becs\u00fclt olvas\u00e1si id\u0151":"6 perc"},"schema":{"@context":"https:\/\/schema.org","@graph":[{"@type":"WebPage","@id":"https:\/\/kecskemetsymphony.com\/index.php\/en\/5th-international-masterclass-with-jorma-panula\/","url":"https:\/\/kecskemetsymphony.com\/index.php\/en\/5th-international-masterclass-with-jorma-panula\/","name":"5th International Masterclass with Jorma Panula - Kecskem\u00e9ti Szimfonikus Zenekar","isPartOf":{"@id":"https:\/\/kecskemetsymphony.com\/#website"},"datePublished":"2023-03-07T14:23:04+00:00","dateModified":"2026-03-23T07:55:23+00:00","breadcrumb":{"@id":"https:\/\/kecskemetsymphony.com\/index.php\/en\/5th-international-masterclass-with-jorma-panula\/#breadcrumb"},"inLanguage":"hu","potentialAction":[{"@type":"ReadAction","target":["https:\/\/kecskemetsymphony.com\/index.php\/en\/5th-international-masterclass-with-jorma-panula\/"]}]},{"@type":"BreadcrumbList","@id":"https:\/\/kecskemetsymphony.com\/index.php\/en\/5th-international-masterclass-with-jorma-panula\/#breadcrumb","itemListElement":[{"@type":"ListItem","position":1,"name":"Home","item":"https:\/\/kecskemetsymphony.com\/"},{"@type":"ListItem","position":2,"name":"5th International Masterclass with Jorma Panula"}]},{"@type":"WebSite","@id":"https:\/\/kecskemetsymphony.com\/#website","url":"https:\/\/kecskemetsymphony.com\/","name":"Kecskem\u00e9ti Szimfonikus Zenekar","description":"Kecskem\u00e9ti Szimfonikus Zenekar honlapja","publisher":{"@id":"https:\/\/kecskemetsymphony.com\/#organization"},"potentialAction":[{"@type":"SearchAction","target":{"@type":"EntryPoint","urlTemplate":"https:\/\/kecskemetsymphony.com\/?s={search_term_string}"},"query-input":{"@type":"PropertyValueSpecification","valueRequired":true,"valueName":"search_term_string"}}],"inLanguage":"hu"},{"@type":"Organization","@id":"https:\/\/kecskemetsymphony.com\/#organization","name":"Kecskem\u00e9ti Szimfonikus Zenekar","url":"https:\/\/kecskemetsymphony.com\/","logo":{"@type":"ImageObject","inLanguage":"hu","@id":"https:\/\/kecskemetsymphony.com\/#\/schema\/logo\/image\/","url":"https:\/\/kecskemetsymphony.com\/wp-content\/uploads\/2022\/04\/cropped-KS_BRAND_FB_PROFILE_1.jpg","contentUrl":"https:\/\/kecskemetsymphony.com\/wp-content\/uploads\/2022\/04\/cropped-KS_BRAND_FB_PROFILE_1.jpg","width":480,"height":480,"caption":"Kecskem\u00e9ti Szimfonikus Zenekar"},"image":{"@id":"https:\/\/kecskemetsymphony.com\/#\/schema\/logo\/image\/"},"sameAs":["https:\/\/www.facebook.com\/kecskemetiszimfonikuszenekar"]}]}},"_links":{"self":[{"href":"https:\/\/kecskemetsymphony.com\/index.php\/wp-json\/wp\/v2\/pages\/1922","targetHints":{"allow":["GET"]}}],"collection":[{"href":"https:\/\/kecskemetsymphony.com\/index.php\/wp-json\/wp\/v2\/pages"}],"about":[{"href":"https:\/\/kecskemetsymphony.com\/index.php\/wp-json\/wp\/v2\/types\/page"}],"author":[{"embeddable":true,"href":"https:\/\/kecskemetsymphony.com\/index.php\/wp-json\/wp\/v2\/users\/1"}],"replies":[{"embeddable":true,"href":"https:\/\/kecskemetsymphony.com\/index.php\/wp-json\/wp\/v2\/comments?post=1922"}],"version-history":[{"count":95,"href":"https:\/\/kecskemetsymphony.com\/index.php\/wp-json\/wp\/v2\/pages\/1922\/revisions"}],"predecessor-version":[{"id":3689,"href":"https:\/\/kecskemetsymphony.com\/index.php\/wp-json\/wp\/v2\/pages\/1922\/revisions\/3689"}],"wp:attachment":[{"href":"https:\/\/kecskemetsymphony.com\/index.php\/wp-json\/wp\/v2\/media?parent=1922"}],"curies":[{"name":"wp","href":"https:\/\/api.w.org\/{rel}","templated":true}]}}