{"id":245,"date":"2022-05-06T11:34:53","date_gmt":"2022-05-06T11:34:53","guid":{"rendered":"https:\/\/kecskemetsymphony.com\/?page_id=245"},"modified":"2025-03-05T07:28:00","modified_gmt":"2025-03-05T07:28:00","slug":"kecskemeti-szimfonikus-zenekar","status":"publish","type":"page","link":"https:\/\/kecskemetsymphony.com\/index.php\/kecskemeti-szimfonikus-zenekar\/","title":{"rendered":"KECSKEM\u00c9TI SZIMFONIKUS ZENEKAR"},"content":{"rendered":"\t\t<div data-elementor-type=\"wp-page\" data-elementor-id=\"245\" class=\"elementor elementor-245\">\n\t\t\t\t\t\t<section class=\"elementor-section elementor-top-section elementor-element elementor-element-5ec0f495 elementor-section-boxed elementor-section-height-default elementor-section-height-default\" data-id=\"5ec0f495\" data-element_type=\"section\" data-e-type=\"section\">\n\t\t\t\t\t\t<div class=\"elementor-container elementor-column-gap-default\">\n\t\t\t\t\t<div class=\"elementor-column elementor-col-100 elementor-top-column elementor-element elementor-element-77cb0525\" data-id=\"77cb0525\" data-element_type=\"column\" data-e-type=\"column\">\n\t\t\t<div class=\"elementor-widget-wrap elementor-element-populated\">\n\t\t\t\t\t\t<div class=\"elementor-element elementor-element-24f6d58 elementor-widget elementor-widget-text-editor\" data-id=\"24f6d58\" data-element_type=\"widget\" data-e-type=\"widget\" data-widget_type=\"text-editor.default\">\n\t\t\t\t<div class=\"elementor-widget-container\">\n\t\t\t\t\t\t\t\t\t<p>A <a href=\"https:\/\/hirosagora.hu\/\" target=\"_blank\" rel=\"noopener\">H\u00edr\u00f6s Ag\u00f3ra Kultur\u00e1lis \u00e9s Ifj\u00fas\u00e1gi K\u00f6zpont<\/a> fenntart\u00e1s\u00e1ban m\u0171k\u00f6d\u0151 Kecskem\u00e9ti Szimfonikus Zenekar 1966-ban alakult kecskem\u00e9ti \u00e9s k\u00f6rny\u00e9kbeli zen\u00e9szekb\u0151l, m\u0171v\u00e9sztan\u00e1rokb\u00f3l, Nemesszeghy Lajos karnagy \u00e9s Luk\u00e1cs J\u00e1nos oboatan\u00e1r, zenekari titk\u00e1r lelkes ir\u00e1ny\u00edt\u00e1s\u00e1val;\u00a0B\u00e1cs-Kiskun megye egyetlen szimfonikus egy\u00fcttesek\u00e9nt fontos szerepet t\u00f6lt be Kecskem\u00e9t \u00e9s a r\u00e9gi\u00f3 kultur\u00e1lis \u00e9let\u00e9ben, valamint a Kod\u00e1lyi zenei hagyom\u00e1nyok \u00e1pol\u00e1s\u00e1ban. Az egy\u00fcttes a \u201eh\u00edr\u00f6s\u201d v\u00e1ros fesztiv\u00e1ljainak, jeles alkalmainak \u00e1lland\u00f3 \u00e9s n\u00e9pszer\u0171 r\u00e9sztvev\u0151je, Kod\u00e1ly Zolt\u00e1n szimfonikus m\u0171veinek avatott megsz\u00f3laltat\u00f3ja.<\/p>\n<p><!-- \/wp:paragraph --><\/p>\n<p><!-- wp:paragraph --><\/p>\n<p>Nemesszeghy Lajos ut\u00e1n Kem\u00e9ny Endre vezette az egy\u00fcttest 1968-t\u00f3l 1985-ig. Ekkor Martos L\u00e1szl\u00f3 vette \u00e1t a zenekar vezet\u00e9s\u00e9t. 1990-t\u0151l 1996-ig D\u00f3bi\u00e1s P\u00e9ter volt a karnagy, azut\u00e1n 1996-t\u00f3l 2019-ig Gerh\u00e1t L\u00e1szl\u00f3 zongoram\u0171v\u00e9sz-karnagy volt a karmester. Sz\u00e1mos vil\u00e1gh\u00edr\u0171 karmester \u00e1llt m\u00e1r a zenekar \u00e9l\u00e9n, t\u00f6bbek k\u00f6z\u00f6tt Kobayashi Kenichiro, Medveczky \u00c1d\u00e1m, Antal M\u00e1ty\u00e1s, Erdei P\u00e9ter, V\u00e1s\u00e1ry Tam\u00e1s, olyan, a vil\u00e1g \u00e9lvonal\u00e1ba tartoz\u00f3 sz\u00f3list\u00e1kkal, mint Fischer Annie, Rost Andrea, Vizin Vikt\u00f3ria, Mikl\u00f3sa Erika, Pauk Gy\u00f6rgy, R\u00e1nki Dezs\u0151, Szergej Nakariakov, F\u00fclei Bal\u00e1zs, Bog\u00e1nyi Gergely, Gyenyisz Macujev \u00e9s Kocsis Zolt\u00e1n. Az egy\u00fcttes rendszeres fell\u00e9p\u0151 partnere a Nemzeti \u00c9nekkar, valamint a Debreceni Kod\u00e1ly K\u00f3rus, tov\u00e1bb\u00e1 szorosan egy\u00fcttm\u0171k\u00f6dik a Liszt Ferenc Zenem\u0171v\u00e9szeti Egyetem Kecskem\u00e9ti Kod\u00e1ly Int\u00e9zet\u00e9vel. 2022 augusztus\u00e1t\u00f3l a zenekar m\u0171v\u00e9szeti vezet\u0151je Holl\u00f3k\u0151i Huba.<\/p>\n<p><!-- \/wp:paragraph --><\/p>\n<p><!-- wp:paragraph --><\/p>\n<p>A klasszikus, szimfonikus \u00e9s operareperto\u00e1r mellett a zenekar sz\u00e1mos m\u00e1s m\u0171fajban is sikerrel l\u00e9p sz\u00ednpadra. T\u00f6bb alkalommal adott k\u00f6z\u00f6s koncertet a Cs\u00edk Zenekarral, de egy\u00fctt j\u00e1tszott t\u00f6bbek k\u00f6z\u00f6tt Szekeres Adriennel, Ill\u00e9nyi Katic\u00e1val, a S\u00e1rik P\u00e9ter jazz-tri\u00f3val, Cak\u00f3 Ferenc anim\u00e1ci\u00f3s filmm\u0171v\u00e9sszel, valamint a Kecskem\u00e9t City Balettel \u00e9s a Kecskem\u00e9t T\u00e1ncegy\u00fcttessel. A H\u00edr\u00f6s Fesztiv\u00e1lon megrendezett filmzene koncertje minden \u00e9vben sokezres k\u00f6z\u00f6ns\u00e9get vonz Kecskem\u00e9t v\u00e1ros f\u0151ter\u00e9re.<\/p>\n<p><!-- \/wp:paragraph --><\/p>\n<p><!-- wp:paragraph --><\/p>\n<p>A Kecskem\u00e9ti Szimfonikus Zenekar nagy hangs\u00falyt fektet a fiatalok tehets\u00e9ggondoz\u00e1s\u00e1ra, a fiatal koroszt\u00e1ly zenei nevel\u00e9s\u00e9re \u00e9s a komolyzene n\u00e9pszer\u0171s\u00edt\u00e9s\u00e9re. Minden \u00e9vben hangversenyt ad a Kod\u00e1ly Iskola kiemelked\u0151 tehets\u00e9g\u0171 hangszeres n\u00f6vend\u00e9keivel, ezzel is el\u0151seg\u00edtve p\u00e1ly\u00e1juk indul\u00e1s\u00e1t. A 2016-ban indult \u201eZen\u00e9t hallgat a csal\u00e1d\u201d matin\u00e9koncert-sorozata imm\u00e1r t\u00f6bb ezer kisgyermekkel, sz\u00fcleikkel \u00e9s nagysz\u00fcleikkel szerettette meg a komolyzen\u00e9t.<\/p>\n<p><!-- \/wp:paragraph --><\/p>\n<p><!-- wp:paragraph --><\/p>\n<p>Sz\u00e1mos kecskem\u00e9ti testv\u00e9rv\u00e1rossal alakult ki gy\u00fcm\u00f6lcs\u00f6z\u0151 partnerkapcsolat az \u00e9vek sor\u00e1n. 2006-ban a zenekar a finnorsz\u00e1gi Hyvink\u00e4\u00e4-ben koncertezett, 2016-ban Marosv\u00e1s\u00e1rhelyen adott koncertet a Marosv\u00e1s\u00e1rhelyi Napok keret\u00e9ben, 2017-ben pedig, a Kod\u00e1ly \u00e9v tisztelet\u00e9re, Gal\u00e1nt\u00e1n. 2018-ban Solti \u00c1rp\u00e1d m\u0171veit mutatta be Szabadk\u00e1n.<\/p>\n<p><!-- \/wp:paragraph --><\/p>\n<p><!-- wp:paragraph --><\/p>\n<p>A Kecskem\u00e9ti Szimfonikus Zenekarnak k\u00e9t \u00f6n\u00e1ll\u00f3 lemeze is megjelent, melyeken magyar illetve magyar vonatkoz\u00e1s\u00fa m\u0171vek hallhat\u00f3k. A 2011-es \u201eConcerto\u201d c\u00edm\u0171 CD lemezen Farkas Ferenc, Vajda J\u00e1nos, Kadosa P\u00e1l egy-egy concertin\u00f3ja mellett Kod\u00e1ly Zolt\u00e1n Concerto-ja csend\u00fcl fel. K\u00e9t filmben, a \u201eBeethoven \u00e1rny\u00e9k\u00e1ban\u201d c\u00edm\u0171 k\u00fclf\u00f6ldi koprodukci\u00f3ban, valamint a Kincsem c\u00edm\u0171 film egy sz\u00ednh\u00e1zi jelenet\u00e9ben is j\u00e1tszott a zenekar.<\/p>\n<p><!-- \/wp:paragraph --><\/p>\n<p><!-- wp:paragraph --><\/p>\n<p>Kecskem\u00e9t V\u00e1ros K\u00f6zgy\u0171l\u00e9se a zenekart Kod\u00e1ly Zolt\u00e1n d\u00edjjal t\u00fcntette ki 2016-ban.<\/p>\n<p><!-- \/wp:paragraph --><\/p>\t\t\t\t\t\t\t\t<\/div>\n\t\t\t\t<\/div>\n\t\t\t\t\t<\/div>\n\t\t<\/div>\n\t\t\t\t\t<\/div>\n\t\t<\/section>\n\t\t\t\t<\/div>\n\t\t","protected":false},"excerpt":{"rendered":"<p>A H\u00edr\u00f6s Ag\u00f3ra Kultur\u00e1lis \u00e9s Ifj\u00fas\u00e1gi K\u00f6zpont fenntart\u00e1s\u00e1ban m\u0171k\u00f6d\u0151 Kecskem\u00e9ti Szimfonikus Zenekar 1966-ban alakult kecskem\u00e9ti \u00e9s k\u00f6rny\u00e9kbeli zen\u00e9szekb\u0151l, m\u0171v\u00e9sztan\u00e1rokb\u00f3l, Nemesszeghy Lajos karnagy \u00e9s Luk\u00e1cs J\u00e1nos oboatan\u00e1r, zenekari titk\u00e1r lelkes ir\u00e1ny\u00edt\u00e1s\u00e1val;\u00a0B\u00e1cs-Kiskun megye egyetlen szimfonikus egy\u00fcttesek\u00e9nt fontos szerepet t\u00f6lt be Kecskem\u00e9t \u00e9s a r\u00e9gi\u00f3 kultur\u00e1lis \u00e9let\u00e9ben, valamint a Kod\u00e1lyi zenei hagyom\u00e1nyok \u00e1pol\u00e1s\u00e1ban. Az egy\u00fcttes a \u201eh\u00edr\u00f6s\u201d v\u00e1ros &#8230; <a title=\"KECSKEM\u00c9TI SZIMFONIKUS ZENEKAR\" class=\"read-more\" href=\"https:\/\/kecskemetsymphony.com\/index.php\/kecskemeti-szimfonikus-zenekar\/\" aria-label=\"Read more about KECSKEM\u00c9TI SZIMFONIKUS ZENEKAR\">Olvass tov\u00e1bb<\/a><\/p>\n","protected":false},"author":1,"featured_media":0,"parent":0,"menu_order":0,"comment_status":"closed","ping_status":"closed","template":"","meta":{"footnotes":""},"class_list":["post-245","page","type-page","status-publish"],"yoast_head":"<!-- This site is optimized with the Yoast SEO plugin v27.4 - https:\/\/yoast.com\/product\/yoast-seo-wordpress\/ -->\n<title>KECSKEM\u00c9TI SZIMFONIKUS ZENEKAR - Kecskem\u00e9ti Szimfonikus Zenekar<\/title>\n<meta name=\"robots\" content=\"index, follow, max-snippet:-1, max-image-preview:large, max-video-preview:-1\" \/>\n<link rel=\"canonical\" href=\"https:\/\/kecskemetsymphony.com\/index.php\/kecskemeti-szimfonikus-zenekar\/\" \/>\n<meta property=\"og:locale\" content=\"hu_HU\" \/>\n<meta property=\"og:type\" content=\"article\" \/>\n<meta property=\"og:title\" content=\"KECSKEM\u00c9TI SZIMFONIKUS ZENEKAR - Kecskem\u00e9ti Szimfonikus Zenekar\" \/>\n<meta property=\"og:description\" content=\"A H\u00edr\u00f6s Ag\u00f3ra Kultur\u00e1lis \u00e9s Ifj\u00fas\u00e1gi K\u00f6zpont fenntart\u00e1s\u00e1ban m\u0171k\u00f6d\u0151 Kecskem\u00e9ti Szimfonikus Zenekar 1966-ban alakult kecskem\u00e9ti \u00e9s k\u00f6rny\u00e9kbeli zen\u00e9szekb\u0151l, m\u0171v\u00e9sztan\u00e1rokb\u00f3l, Nemesszeghy Lajos karnagy \u00e9s Luk\u00e1cs J\u00e1nos oboatan\u00e1r, zenekari titk\u00e1r lelkes ir\u00e1ny\u00edt\u00e1s\u00e1val;\u00a0B\u00e1cs-Kiskun megye egyetlen szimfonikus egy\u00fcttesek\u00e9nt fontos szerepet t\u00f6lt be Kecskem\u00e9t \u00e9s a r\u00e9gi\u00f3 kultur\u00e1lis \u00e9let\u00e9ben, valamint a Kod\u00e1lyi zenei hagyom\u00e1nyok \u00e1pol\u00e1s\u00e1ban. Az egy\u00fcttes a \u201eh\u00edr\u00f6s\u201d v\u00e1ros ... Olvass tov\u00e1bb\" \/>\n<meta property=\"og:url\" content=\"https:\/\/kecskemetsymphony.com\/index.php\/kecskemeti-szimfonikus-zenekar\/\" \/>\n<meta property=\"og:site_name\" content=\"Kecskem\u00e9ti Szimfonikus Zenekar\" \/>\n<meta property=\"article:publisher\" content=\"https:\/\/www.facebook.com\/kecskemetiszimfonikuszenekar\" \/>\n<meta property=\"article:modified_time\" content=\"2025-03-05T07:28:00+00:00\" \/>\n<meta name=\"twitter:card\" content=\"summary_large_image\" \/>\n<meta name=\"twitter:label1\" content=\"Becs\u00fclt olvas\u00e1si id\u0151\" \/>\n\t<meta name=\"twitter:data1\" content=\"3 perc\" \/>\n<script type=\"application\/ld+json\" class=\"yoast-schema-graph\">{\"@context\":\"https:\\\/\\\/schema.org\",\"@graph\":[{\"@type\":\"WebPage\",\"@id\":\"https:\\\/\\\/kecskemetsymphony.com\\\/index.php\\\/kecskemeti-szimfonikus-zenekar\\\/\",\"url\":\"https:\\\/\\\/kecskemetsymphony.com\\\/index.php\\\/kecskemeti-szimfonikus-zenekar\\\/\",\"name\":\"KECSKEM\u00c9TI SZIMFONIKUS ZENEKAR - Kecskem\u00e9ti Szimfonikus Zenekar\",\"isPartOf\":{\"@id\":\"https:\\\/\\\/kecskemetsymphony.com\\\/#website\"},\"datePublished\":\"2022-05-06T11:34:53+00:00\",\"dateModified\":\"2025-03-05T07:28:00+00:00\",\"breadcrumb\":{\"@id\":\"https:\\\/\\\/kecskemetsymphony.com\\\/index.php\\\/kecskemeti-szimfonikus-zenekar\\\/#breadcrumb\"},\"inLanguage\":\"hu\",\"potentialAction\":[{\"@type\":\"ReadAction\",\"target\":[\"https:\\\/\\\/kecskemetsymphony.com\\\/index.php\\\/kecskemeti-szimfonikus-zenekar\\\/\"]}]},{\"@type\":\"BreadcrumbList\",\"@id\":\"https:\\\/\\\/kecskemetsymphony.com\\\/index.php\\\/kecskemeti-szimfonikus-zenekar\\\/#breadcrumb\",\"itemListElement\":[{\"@type\":\"ListItem\",\"position\":1,\"name\":\"Home\",\"item\":\"https:\\\/\\\/kecskemetsymphony.com\\\/\"},{\"@type\":\"ListItem\",\"position\":2,\"name\":\"KECSKEM\u00c9TI SZIMFONIKUS ZENEKAR\"}]},{\"@type\":\"WebSite\",\"@id\":\"https:\\\/\\\/kecskemetsymphony.com\\\/#website\",\"url\":\"https:\\\/\\\/kecskemetsymphony.com\\\/\",\"name\":\"Kecskem\u00e9ti Szimfonikus Zenekar\",\"description\":\"Kecskem\u00e9ti Szimfonikus Zenekar honlapja\",\"publisher\":{\"@id\":\"https:\\\/\\\/kecskemetsymphony.com\\\/#organization\"},\"potentialAction\":[{\"@type\":\"SearchAction\",\"target\":{\"@type\":\"EntryPoint\",\"urlTemplate\":\"https:\\\/\\\/kecskemetsymphony.com\\\/?s={search_term_string}\"},\"query-input\":{\"@type\":\"PropertyValueSpecification\",\"valueRequired\":true,\"valueName\":\"search_term_string\"}}],\"inLanguage\":\"hu\"},{\"@type\":\"Organization\",\"@id\":\"https:\\\/\\\/kecskemetsymphony.com\\\/#organization\",\"name\":\"Kecskem\u00e9ti Szimfonikus Zenekar\",\"url\":\"https:\\\/\\\/kecskemetsymphony.com\\\/\",\"logo\":{\"@type\":\"ImageObject\",\"inLanguage\":\"hu\",\"@id\":\"https:\\\/\\\/kecskemetsymphony.com\\\/#\\\/schema\\\/logo\\\/image\\\/\",\"url\":\"https:\\\/\\\/kecskemetsymphony.com\\\/wp-content\\\/uploads\\\/2022\\\/04\\\/cropped-KS_BRAND_FB_PROFILE_1.jpg\",\"contentUrl\":\"https:\\\/\\\/kecskemetsymphony.com\\\/wp-content\\\/uploads\\\/2022\\\/04\\\/cropped-KS_BRAND_FB_PROFILE_1.jpg\",\"width\":480,\"height\":480,\"caption\":\"Kecskem\u00e9ti Szimfonikus Zenekar\"},\"image\":{\"@id\":\"https:\\\/\\\/kecskemetsymphony.com\\\/#\\\/schema\\\/logo\\\/image\\\/\"},\"sameAs\":[\"https:\\\/\\\/www.facebook.com\\\/kecskemetiszimfonikuszenekar\"]}]}<\/script>\n<!-- \/ Yoast SEO plugin. -->","yoast_head_json":{"title":"KECSKEM\u00c9TI SZIMFONIKUS ZENEKAR - Kecskem\u00e9ti Szimfonikus Zenekar","robots":{"index":"index","follow":"follow","max-snippet":"max-snippet:-1","max-image-preview":"max-image-preview:large","max-video-preview":"max-video-preview:-1"},"canonical":"https:\/\/kecskemetsymphony.com\/index.php\/kecskemeti-szimfonikus-zenekar\/","og_locale":"hu_HU","og_type":"article","og_title":"KECSKEM\u00c9TI SZIMFONIKUS ZENEKAR - Kecskem\u00e9ti Szimfonikus Zenekar","og_description":"A H\u00edr\u00f6s Ag\u00f3ra Kultur\u00e1lis \u00e9s Ifj\u00fas\u00e1gi K\u00f6zpont fenntart\u00e1s\u00e1ban m\u0171k\u00f6d\u0151 Kecskem\u00e9ti Szimfonikus Zenekar 1966-ban alakult kecskem\u00e9ti \u00e9s k\u00f6rny\u00e9kbeli zen\u00e9szekb\u0151l, m\u0171v\u00e9sztan\u00e1rokb\u00f3l, Nemesszeghy Lajos karnagy \u00e9s Luk\u00e1cs J\u00e1nos oboatan\u00e1r, zenekari titk\u00e1r lelkes ir\u00e1ny\u00edt\u00e1s\u00e1val;\u00a0B\u00e1cs-Kiskun megye egyetlen szimfonikus egy\u00fcttesek\u00e9nt fontos szerepet t\u00f6lt be Kecskem\u00e9t \u00e9s a r\u00e9gi\u00f3 kultur\u00e1lis \u00e9let\u00e9ben, valamint a Kod\u00e1lyi zenei hagyom\u00e1nyok \u00e1pol\u00e1s\u00e1ban. Az egy\u00fcttes a \u201eh\u00edr\u00f6s\u201d v\u00e1ros ... Olvass tov\u00e1bb","og_url":"https:\/\/kecskemetsymphony.com\/index.php\/kecskemeti-szimfonikus-zenekar\/","og_site_name":"Kecskem\u00e9ti Szimfonikus Zenekar","article_publisher":"https:\/\/www.facebook.com\/kecskemetiszimfonikuszenekar","article_modified_time":"2025-03-05T07:28:00+00:00","twitter_card":"summary_large_image","twitter_misc":{"Becs\u00fclt olvas\u00e1si id\u0151":"3 perc"},"schema":{"@context":"https:\/\/schema.org","@graph":[{"@type":"WebPage","@id":"https:\/\/kecskemetsymphony.com\/index.php\/kecskemeti-szimfonikus-zenekar\/","url":"https:\/\/kecskemetsymphony.com\/index.php\/kecskemeti-szimfonikus-zenekar\/","name":"KECSKEM\u00c9TI SZIMFONIKUS ZENEKAR - Kecskem\u00e9ti Szimfonikus Zenekar","isPartOf":{"@id":"https:\/\/kecskemetsymphony.com\/#website"},"datePublished":"2022-05-06T11:34:53+00:00","dateModified":"2025-03-05T07:28:00+00:00","breadcrumb":{"@id":"https:\/\/kecskemetsymphony.com\/index.php\/kecskemeti-szimfonikus-zenekar\/#breadcrumb"},"inLanguage":"hu","potentialAction":[{"@type":"ReadAction","target":["https:\/\/kecskemetsymphony.com\/index.php\/kecskemeti-szimfonikus-zenekar\/"]}]},{"@type":"BreadcrumbList","@id":"https:\/\/kecskemetsymphony.com\/index.php\/kecskemeti-szimfonikus-zenekar\/#breadcrumb","itemListElement":[{"@type":"ListItem","position":1,"name":"Home","item":"https:\/\/kecskemetsymphony.com\/"},{"@type":"ListItem","position":2,"name":"KECSKEM\u00c9TI SZIMFONIKUS ZENEKAR"}]},{"@type":"WebSite","@id":"https:\/\/kecskemetsymphony.com\/#website","url":"https:\/\/kecskemetsymphony.com\/","name":"Kecskem\u00e9ti Szimfonikus Zenekar","description":"Kecskem\u00e9ti Szimfonikus Zenekar honlapja","publisher":{"@id":"https:\/\/kecskemetsymphony.com\/#organization"},"potentialAction":[{"@type":"SearchAction","target":{"@type":"EntryPoint","urlTemplate":"https:\/\/kecskemetsymphony.com\/?s={search_term_string}"},"query-input":{"@type":"PropertyValueSpecification","valueRequired":true,"valueName":"search_term_string"}}],"inLanguage":"hu"},{"@type":"Organization","@id":"https:\/\/kecskemetsymphony.com\/#organization","name":"Kecskem\u00e9ti Szimfonikus Zenekar","url":"https:\/\/kecskemetsymphony.com\/","logo":{"@type":"ImageObject","inLanguage":"hu","@id":"https:\/\/kecskemetsymphony.com\/#\/schema\/logo\/image\/","url":"https:\/\/kecskemetsymphony.com\/wp-content\/uploads\/2022\/04\/cropped-KS_BRAND_FB_PROFILE_1.jpg","contentUrl":"https:\/\/kecskemetsymphony.com\/wp-content\/uploads\/2022\/04\/cropped-KS_BRAND_FB_PROFILE_1.jpg","width":480,"height":480,"caption":"Kecskem\u00e9ti Szimfonikus Zenekar"},"image":{"@id":"https:\/\/kecskemetsymphony.com\/#\/schema\/logo\/image\/"},"sameAs":["https:\/\/www.facebook.com\/kecskemetiszimfonikuszenekar"]}]}},"_links":{"self":[{"href":"https:\/\/kecskemetsymphony.com\/index.php\/wp-json\/wp\/v2\/pages\/245","targetHints":{"allow":["GET"]}}],"collection":[{"href":"https:\/\/kecskemetsymphony.com\/index.php\/wp-json\/wp\/v2\/pages"}],"about":[{"href":"https:\/\/kecskemetsymphony.com\/index.php\/wp-json\/wp\/v2\/types\/page"}],"author":[{"embeddable":true,"href":"https:\/\/kecskemetsymphony.com\/index.php\/wp-json\/wp\/v2\/users\/1"}],"replies":[{"embeddable":true,"href":"https:\/\/kecskemetsymphony.com\/index.php\/wp-json\/wp\/v2\/comments?post=245"}],"version-history":[{"count":32,"href":"https:\/\/kecskemetsymphony.com\/index.php\/wp-json\/wp\/v2\/pages\/245\/revisions"}],"predecessor-version":[{"id":3138,"href":"https:\/\/kecskemetsymphony.com\/index.php\/wp-json\/wp\/v2\/pages\/245\/revisions\/3138"}],"wp:attachment":[{"href":"https:\/\/kecskemetsymphony.com\/index.php\/wp-json\/wp\/v2\/media?parent=245"}],"curies":[{"name":"wp","href":"https:\/\/api.w.org\/{rel}","templated":true}]}}