{"id":65,"date":"2022-04-26T10:03:49","date_gmt":"2022-04-26T10:03:49","guid":{"rendered":"https:\/\/kecskemetsymphony.com\/?page_id=65"},"modified":"2026-03-03T10:27:15","modified_gmt":"2026-03-03T10:27:15","slug":"conterts","status":"publish","type":"page","link":"https:\/\/kecskemetsymphony.com\/index.php\/en\/conterts\/","title":{"rendered":"CONCERTS"},"content":{"rendered":"\t\t<div data-elementor-type=\"wp-page\" data-elementor-id=\"65\" class=\"elementor elementor-65\">\n\t\t\t\t\t\t<section class=\"elementor-section elementor-top-section elementor-element elementor-element-b3819fe elementor-section-boxed elementor-section-height-default elementor-section-height-default\" data-id=\"b3819fe\" data-element_type=\"section\" data-e-type=\"section\">\n\t\t\t\t\t\t<div class=\"elementor-container elementor-column-gap-default\">\n\t\t\t\t\t<div class=\"elementor-column elementor-col-100 elementor-top-column elementor-element elementor-element-b2213b1\" data-id=\"b2213b1\" data-element_type=\"column\" data-e-type=\"column\">\n\t\t\t<div class=\"elementor-widget-wrap elementor-element-populated\">\n\t\t\t\t\t\t<section class=\"elementor-section elementor-inner-section elementor-element elementor-element-f51fb95 elementor-section-boxed elementor-section-height-default elementor-section-height-default\" data-id=\"f51fb95\" data-element_type=\"section\" data-e-type=\"section\">\n\t\t\t\t\t\t<div class=\"elementor-container elementor-column-gap-default\">\n\t\t\t\t\t<div class=\"elementor-column elementor-col-50 elementor-inner-column elementor-element elementor-element-6f34669\" data-id=\"6f34669\" data-element_type=\"column\" data-e-type=\"column\">\n\t\t\t<div class=\"elementor-widget-wrap elementor-element-populated\">\n\t\t\t\t\t\t<div class=\"elementor-element elementor-element-20394b7 elementor-widget elementor-widget-image\" data-id=\"20394b7\" data-element_type=\"widget\" data-e-type=\"widget\" data-widget_type=\"image.default\">\n\t\t\t\t<div class=\"elementor-widget-container\">\n\t\t\t\t\t\t\t\t\t\t\t\t\t\t\t\t<a href=\"https:\/\/kecskemetsymphony.com\/index.php\/en\/stringfest-2\/\">\n\t\t\t\t\t\t\t<img fetchpriority=\"high\" decoding=\"async\" width=\"732\" height=\"1024\" src=\"https:\/\/kecskemetsymphony.com\/wp-content\/uploads\/2026\/03\/K_TAVASZ_26_PR_PLAKAT_zenekar_-web-732x1024.jpg\" class=\"attachment-large size-large wp-image-3617\" alt=\"\" srcset=\"https:\/\/kecskemetsymphony.com\/wp-content\/uploads\/2026\/03\/K_TAVASZ_26_PR_PLAKAT_zenekar_-web-732x1024.jpg 732w, https:\/\/kecskemetsymphony.com\/wp-content\/uploads\/2026\/03\/K_TAVASZ_26_PR_PLAKAT_zenekar_-web-214x300.jpg 214w, https:\/\/kecskemetsymphony.com\/wp-content\/uploads\/2026\/03\/K_TAVASZ_26_PR_PLAKAT_zenekar_-web-768x1075.jpg 768w, https:\/\/kecskemetsymphony.com\/wp-content\/uploads\/2026\/03\/K_TAVASZ_26_PR_PLAKAT_zenekar_-web-1097x1536.jpg 1097w, https:\/\/kecskemetsymphony.com\/wp-content\/uploads\/2026\/03\/K_TAVASZ_26_PR_PLAKAT_zenekar_-web-1463x2048.jpg 1463w, https:\/\/kecskemetsymphony.com\/wp-content\/uploads\/2026\/03\/K_TAVASZ_26_PR_PLAKAT_zenekar_-web.jpg 1829w\" sizes=\"(max-width: 732px) 100vw, 732px\" \/>\t\t\t\t\t\t\t\t<\/a>\n\t\t\t\t\t\t\t\t\t\t\t\t\t\t\t<\/div>\n\t\t\t\t<\/div>\n\t\t\t\t\t<\/div>\n\t\t<\/div>\n\t\t\t\t<div class=\"elementor-column elementor-col-50 elementor-inner-column elementor-element elementor-element-3b0dfce\" data-id=\"3b0dfce\" data-element_type=\"column\" data-e-type=\"column\">\n\t\t\t<div class=\"elementor-widget-wrap elementor-element-populated\">\n\t\t\t\t\t\t<div class=\"elementor-element elementor-element-5aa6a88 elementor-widget__width-initial elementor-widget elementor-widget-text-editor\" data-id=\"5aa6a88\" data-element_type=\"widget\" data-e-type=\"widget\" data-widget_type=\"text-editor.default\">\n\t\t\t\t<div class=\"elementor-widget-container\">\n\t\t\t\t\t\t\t\t\t<p><strong><a href=\"https:\/\/hirosagora.jegy.hu\/program\/41-kecskemeti-tavaszi-fesztival-a-kecskemeti-szimfonikus-zenekar-60-eves-jubileumi-musora-188536\"><span class=\"jCAhz ChMk0b\"><span class=\"ryNqvb\">Sunday, March 29, 7:00 PM H\u00edr\u00f6s Agora Theatre <\/span><\/span><\/a><\/strong><\/p><p><span class=\"jCAhz ChMk0b\"><span class=\"ryNqvb\">The Kecskem\u00e9t Symphony Orchestra\u2019s 60th anniversary program is a celebration of six decades of dedicated musical service and artistic development.<\/span><\/span> <span class=\"jCAhz ChMk0b\"><span class=\"ryNqvb\">The evening\u2019s program evokes the defining eras and musical values \u200b\u200bof the orchestra\u2019s history, presenting an artistic image that is built on classical traditions, yet constantly renewing itself.<\/span><\/span> <span class=\"jCAhz ChMk0b\"><span class=\"ryNqvb\">The anniversary concert is a tribute to all those \u2013 conductors, musicians and supporters \u2013 who have contributed to the orchestra becoming a defining figure in the cultural life of Kecskem\u00e9t and the region.<\/span><\/span> <span class=\"jCAhz ChMk0b\"><span class=\"ryNqvb\">The celebratory concert is both a retrospective and a contemporary statement: it focuses on the values \u200b\u200bof the shared past and the timeless power of music.<\/span><\/span><\/p><p><span class=\"jCAhz ChMk0b\"><span class=\"ryNqvb\"> Program: <br \/><\/span><\/span><span class=\"jCAhz ChMk0b\"><span class=\"ryNqvb\">M.P\u00e1l Bodon: Capriccio<br \/>B\u00e9la Bart\u00f3k: Piano Concerto No. 3 <br \/>soloist: Suzana Bartal <br \/>*** <br \/>Zolt\u00e1n Kod\u00e1ly: Gal\u00e1ntai Dances <br \/>Zolt\u00e1n Kod\u00e1ly: Concerto<\/span><\/span><\/p><p>Kecskem\u00e9t Symphony Orchestra <br \/>Conductor: Huba Holl\u00f3k\u0151i<\/p><p><strong><a href=\"https:\/\/hirosagora.jegy.hu\/program\/41-kecskemeti-tavaszi-fesztival-a-kecskemeti-szimfonikus-zenekar-60-eves-jubileumi-musora-188536\"><span class=\"jCAhz ChMk0b\"><span class=\"ryNqvb\">Buy tickets<\/span><\/span><\/a><\/strong><\/p>\t\t\t\t\t\t\t\t<\/div>\n\t\t\t\t<\/div>\n\t\t\t\t\t<\/div>\n\t\t<\/div>\n\t\t\t\t\t<\/div>\n\t\t<\/section>\n\t\t\t\t<div class=\"elementor-element elementor-element-cbb8e5a elementor-widget-divider--view-line elementor-widget elementor-widget-divider\" data-id=\"cbb8e5a\" data-element_type=\"widget\" data-e-type=\"widget\" data-widget_type=\"divider.default\">\n\t\t\t\t<div class=\"elementor-widget-container\">\n\t\t\t\t\t\t\t<div class=\"elementor-divider\">\n\t\t\t<span class=\"elementor-divider-separator\">\n\t\t\t\t\t\t<\/span>\n\t\t<\/div>\n\t\t\t\t\t\t<\/div>\n\t\t\t\t<\/div>\n\t\t\t\t<div class=\"elementor-element elementor-element-bbbd0f7 elementor-widget elementor-widget-text-editor\" data-id=\"bbbd0f7\" data-element_type=\"widget\" data-e-type=\"widget\" data-widget_type=\"text-editor.default\">\n\t\t\t\t<div class=\"elementor-widget-container\">\n\t\t\t\t\t\t\t\t\t<p>Upcoming concerts:<\/p><p><strong>2026<\/strong><\/p><p><strong>May 8. Friday 19.00<\/strong><br \/>\u201cOTTONI\u201d<br \/>Program:<br \/>Hans Leo Hassler: Suite for Double brass choir<br \/>Henry Purcell: King Arthur Overture<br \/>Giovannoni Gabrieli: Sonata Pian\u2019e Forte<br \/>J.S. Bach: Brandenburg Concerto No. 3<br \/>J. S. Bach: Three chorales (I. Jesu bleibet meine Freude, II. Wachet auf, ruft uns die Stimme, III. Ich ruf&#8217; zu dir, Herr Jesu Christ)<br \/>G. F. Handel: Fireworks Suite: I. Bourre\u00e9 II. Minuet III. La Rejouissance<br \/>Jean-Joseph Mouret: 1st Suites des Symphonies I. Rondeau II. Gracieusement III. Allegro<br \/>Contributor: Brass Ensemble of the Kecskem\u00e9t Symphony Orchestra<br \/>Conductor: Huba Holl\u00f3k\u0151i<\/p>\t\t\t\t\t\t\t\t<\/div>\n\t\t\t\t<\/div>\n\t\t\t\t\t<\/div>\n\t\t<\/div>\n\t\t\t\t\t<\/div>\n\t\t<\/section>\n\t\t\t\t<\/div>\n\t\t","protected":false},"excerpt":{"rendered":"<p>Sunday, March 29, 7:00 PM H\u00edr\u00f6s Agora Theatre The Kecskem\u00e9t Symphony Orchestra\u2019s 60th anniversary program is a celebration of six decades of dedicated musical service and artistic development. The evening\u2019s program evokes the defining eras and musical values \u200b\u200bof the orchestra\u2019s history, presenting an artistic image that is built on classical traditions, yet constantly renewing &#8230; <a title=\"CONCERTS\" class=\"read-more\" href=\"https:\/\/kecskemetsymphony.com\/index.php\/en\/conterts\/\" aria-label=\"Read more about CONCERTS\">Olvass tov\u00e1bb<\/a><\/p>\n","protected":false},"author":1,"featured_media":0,"parent":0,"menu_order":0,"comment_status":"closed","ping_status":"closed","template":"","meta":{"footnotes":""},"class_list":["post-65","page","type-page","status-publish"],"yoast_head":"<!-- This site is optimized with the Yoast SEO plugin v27.4 - https:\/\/yoast.com\/product\/yoast-seo-wordpress\/ -->\n<title>CONCERTS - Kecskem\u00e9ti Szimfonikus Zenekar<\/title>\n<meta name=\"robots\" content=\"index, follow, max-snippet:-1, max-image-preview:large, max-video-preview:-1\" \/>\n<link rel=\"canonical\" href=\"https:\/\/kecskemetsymphony.com\/index.php\/en\/conterts\/\" \/>\n<meta property=\"og:locale\" content=\"hu_HU\" \/>\n<meta property=\"og:type\" content=\"article\" \/>\n<meta property=\"og:title\" content=\"CONCERTS - Kecskem\u00e9ti Szimfonikus Zenekar\" \/>\n<meta property=\"og:description\" content=\"Sunday, March 29, 7:00 PM H\u00edr\u00f6s Agora Theatre The Kecskem\u00e9t Symphony Orchestra\u2019s 60th anniversary program is a celebration of six decades of dedicated musical service and artistic development. The evening\u2019s program evokes the defining eras and musical values \u200b\u200bof the orchestra\u2019s history, presenting an artistic image that is built on classical traditions, yet constantly renewing ... Olvass tov\u00e1bb\" \/>\n<meta property=\"og:url\" content=\"https:\/\/kecskemetsymphony.com\/index.php\/en\/conterts\/\" \/>\n<meta property=\"og:site_name\" content=\"Kecskem\u00e9ti Szimfonikus Zenekar\" \/>\n<meta property=\"article:publisher\" content=\"https:\/\/www.facebook.com\/kecskemetiszimfonikuszenekar\" \/>\n<meta property=\"article:modified_time\" content=\"2026-03-03T10:27:15+00:00\" \/>\n<meta property=\"og:image\" content=\"https:\/\/kecskemetsymphony.com\/wp-content\/uploads\/2026\/03\/K_TAVASZ_26_PR_PLAKAT_zenekar_-web-732x1024.jpg\" \/>\n<meta name=\"twitter:card\" content=\"summary_large_image\" \/>\n<meta name=\"twitter:label1\" content=\"Becs\u00fclt olvas\u00e1si id\u0151\" \/>\n\t<meta name=\"twitter:data1\" content=\"2 perc\" \/>\n<script type=\"application\/ld+json\" class=\"yoast-schema-graph\">{\"@context\":\"https:\\\/\\\/schema.org\",\"@graph\":[{\"@type\":\"WebPage\",\"@id\":\"https:\\\/\\\/kecskemetsymphony.com\\\/index.php\\\/en\\\/conterts\\\/\",\"url\":\"https:\\\/\\\/kecskemetsymphony.com\\\/index.php\\\/en\\\/conterts\\\/\",\"name\":\"CONCERTS - Kecskem\u00e9ti Szimfonikus Zenekar\",\"isPartOf\":{\"@id\":\"https:\\\/\\\/kecskemetsymphony.com\\\/#website\"},\"primaryImageOfPage\":{\"@id\":\"https:\\\/\\\/kecskemetsymphony.com\\\/index.php\\\/en\\\/conterts\\\/#primaryimage\"},\"image\":{\"@id\":\"https:\\\/\\\/kecskemetsymphony.com\\\/index.php\\\/en\\\/conterts\\\/#primaryimage\"},\"thumbnailUrl\":\"https:\\\/\\\/kecskemetsymphony.com\\\/wp-content\\\/uploads\\\/2026\\\/03\\\/K_TAVASZ_26_PR_PLAKAT_zenekar_-web-732x1024.jpg\",\"datePublished\":\"2022-04-26T10:03:49+00:00\",\"dateModified\":\"2026-03-03T10:27:15+00:00\",\"breadcrumb\":{\"@id\":\"https:\\\/\\\/kecskemetsymphony.com\\\/index.php\\\/en\\\/conterts\\\/#breadcrumb\"},\"inLanguage\":\"hu\",\"potentialAction\":[{\"@type\":\"ReadAction\",\"target\":[\"https:\\\/\\\/kecskemetsymphony.com\\\/index.php\\\/en\\\/conterts\\\/\"]}]},{\"@type\":\"ImageObject\",\"inLanguage\":\"hu\",\"@id\":\"https:\\\/\\\/kecskemetsymphony.com\\\/index.php\\\/en\\\/conterts\\\/#primaryimage\",\"url\":\"https:\\\/\\\/kecskemetsymphony.com\\\/wp-content\\\/uploads\\\/2026\\\/03\\\/K_TAVASZ_26_PR_PLAKAT_zenekar_-web.jpg\",\"contentUrl\":\"https:\\\/\\\/kecskemetsymphony.com\\\/wp-content\\\/uploads\\\/2026\\\/03\\\/K_TAVASZ_26_PR_PLAKAT_zenekar_-web.jpg\",\"width\":1829,\"height\":2560},{\"@type\":\"BreadcrumbList\",\"@id\":\"https:\\\/\\\/kecskemetsymphony.com\\\/index.php\\\/en\\\/conterts\\\/#breadcrumb\",\"itemListElement\":[{\"@type\":\"ListItem\",\"position\":1,\"name\":\"Home\",\"item\":\"https:\\\/\\\/kecskemetsymphony.com\\\/\"},{\"@type\":\"ListItem\",\"position\":2,\"name\":\"CONCERTS\"}]},{\"@type\":\"WebSite\",\"@id\":\"https:\\\/\\\/kecskemetsymphony.com\\\/#website\",\"url\":\"https:\\\/\\\/kecskemetsymphony.com\\\/\",\"name\":\"Kecskem\u00e9ti Szimfonikus Zenekar\",\"description\":\"Kecskem\u00e9ti Szimfonikus Zenekar honlapja\",\"publisher\":{\"@id\":\"https:\\\/\\\/kecskemetsymphony.com\\\/#organization\"},\"potentialAction\":[{\"@type\":\"SearchAction\",\"target\":{\"@type\":\"EntryPoint\",\"urlTemplate\":\"https:\\\/\\\/kecskemetsymphony.com\\\/?s={search_term_string}\"},\"query-input\":{\"@type\":\"PropertyValueSpecification\",\"valueRequired\":true,\"valueName\":\"search_term_string\"}}],\"inLanguage\":\"hu\"},{\"@type\":\"Organization\",\"@id\":\"https:\\\/\\\/kecskemetsymphony.com\\\/#organization\",\"name\":\"Kecskem\u00e9ti Szimfonikus Zenekar\",\"url\":\"https:\\\/\\\/kecskemetsymphony.com\\\/\",\"logo\":{\"@type\":\"ImageObject\",\"inLanguage\":\"hu\",\"@id\":\"https:\\\/\\\/kecskemetsymphony.com\\\/#\\\/schema\\\/logo\\\/image\\\/\",\"url\":\"https:\\\/\\\/kecskemetsymphony.com\\\/wp-content\\\/uploads\\\/2022\\\/04\\\/cropped-KS_BRAND_FB_PROFILE_1.jpg\",\"contentUrl\":\"https:\\\/\\\/kecskemetsymphony.com\\\/wp-content\\\/uploads\\\/2022\\\/04\\\/cropped-KS_BRAND_FB_PROFILE_1.jpg\",\"width\":480,\"height\":480,\"caption\":\"Kecskem\u00e9ti Szimfonikus Zenekar\"},\"image\":{\"@id\":\"https:\\\/\\\/kecskemetsymphony.com\\\/#\\\/schema\\\/logo\\\/image\\\/\"},\"sameAs\":[\"https:\\\/\\\/www.facebook.com\\\/kecskemetiszimfonikuszenekar\"]}]}<\/script>\n<!-- \/ Yoast SEO plugin. -->","yoast_head_json":{"title":"CONCERTS - Kecskem\u00e9ti Szimfonikus Zenekar","robots":{"index":"index","follow":"follow","max-snippet":"max-snippet:-1","max-image-preview":"max-image-preview:large","max-video-preview":"max-video-preview:-1"},"canonical":"https:\/\/kecskemetsymphony.com\/index.php\/en\/conterts\/","og_locale":"hu_HU","og_type":"article","og_title":"CONCERTS - Kecskem\u00e9ti Szimfonikus Zenekar","og_description":"Sunday, March 29, 7:00 PM H\u00edr\u00f6s Agora Theatre The Kecskem\u00e9t Symphony Orchestra\u2019s 60th anniversary program is a celebration of six decades of dedicated musical service and artistic development. The evening\u2019s program evokes the defining eras and musical values \u200b\u200bof the orchestra\u2019s history, presenting an artistic image that is built on classical traditions, yet constantly renewing ... Olvass tov\u00e1bb","og_url":"https:\/\/kecskemetsymphony.com\/index.php\/en\/conterts\/","og_site_name":"Kecskem\u00e9ti Szimfonikus Zenekar","article_publisher":"https:\/\/www.facebook.com\/kecskemetiszimfonikuszenekar","article_modified_time":"2026-03-03T10:27:15+00:00","og_image":[{"url":"https:\/\/kecskemetsymphony.com\/wp-content\/uploads\/2026\/03\/K_TAVASZ_26_PR_PLAKAT_zenekar_-web-732x1024.jpg","type":"","width":"","height":""}],"twitter_card":"summary_large_image","twitter_misc":{"Becs\u00fclt olvas\u00e1si id\u0151":"2 perc"},"schema":{"@context":"https:\/\/schema.org","@graph":[{"@type":"WebPage","@id":"https:\/\/kecskemetsymphony.com\/index.php\/en\/conterts\/","url":"https:\/\/kecskemetsymphony.com\/index.php\/en\/conterts\/","name":"CONCERTS - Kecskem\u00e9ti Szimfonikus Zenekar","isPartOf":{"@id":"https:\/\/kecskemetsymphony.com\/#website"},"primaryImageOfPage":{"@id":"https:\/\/kecskemetsymphony.com\/index.php\/en\/conterts\/#primaryimage"},"image":{"@id":"https:\/\/kecskemetsymphony.com\/index.php\/en\/conterts\/#primaryimage"},"thumbnailUrl":"https:\/\/kecskemetsymphony.com\/wp-content\/uploads\/2026\/03\/K_TAVASZ_26_PR_PLAKAT_zenekar_-web-732x1024.jpg","datePublished":"2022-04-26T10:03:49+00:00","dateModified":"2026-03-03T10:27:15+00:00","breadcrumb":{"@id":"https:\/\/kecskemetsymphony.com\/index.php\/en\/conterts\/#breadcrumb"},"inLanguage":"hu","potentialAction":[{"@type":"ReadAction","target":["https:\/\/kecskemetsymphony.com\/index.php\/en\/conterts\/"]}]},{"@type":"ImageObject","inLanguage":"hu","@id":"https:\/\/kecskemetsymphony.com\/index.php\/en\/conterts\/#primaryimage","url":"https:\/\/kecskemetsymphony.com\/wp-content\/uploads\/2026\/03\/K_TAVASZ_26_PR_PLAKAT_zenekar_-web.jpg","contentUrl":"https:\/\/kecskemetsymphony.com\/wp-content\/uploads\/2026\/03\/K_TAVASZ_26_PR_PLAKAT_zenekar_-web.jpg","width":1829,"height":2560},{"@type":"BreadcrumbList","@id":"https:\/\/kecskemetsymphony.com\/index.php\/en\/conterts\/#breadcrumb","itemListElement":[{"@type":"ListItem","position":1,"name":"Home","item":"https:\/\/kecskemetsymphony.com\/"},{"@type":"ListItem","position":2,"name":"CONCERTS"}]},{"@type":"WebSite","@id":"https:\/\/kecskemetsymphony.com\/#website","url":"https:\/\/kecskemetsymphony.com\/","name":"Kecskem\u00e9ti Szimfonikus Zenekar","description":"Kecskem\u00e9ti Szimfonikus Zenekar honlapja","publisher":{"@id":"https:\/\/kecskemetsymphony.com\/#organization"},"potentialAction":[{"@type":"SearchAction","target":{"@type":"EntryPoint","urlTemplate":"https:\/\/kecskemetsymphony.com\/?s={search_term_string}"},"query-input":{"@type":"PropertyValueSpecification","valueRequired":true,"valueName":"search_term_string"}}],"inLanguage":"hu"},{"@type":"Organization","@id":"https:\/\/kecskemetsymphony.com\/#organization","name":"Kecskem\u00e9ti Szimfonikus Zenekar","url":"https:\/\/kecskemetsymphony.com\/","logo":{"@type":"ImageObject","inLanguage":"hu","@id":"https:\/\/kecskemetsymphony.com\/#\/schema\/logo\/image\/","url":"https:\/\/kecskemetsymphony.com\/wp-content\/uploads\/2022\/04\/cropped-KS_BRAND_FB_PROFILE_1.jpg","contentUrl":"https:\/\/kecskemetsymphony.com\/wp-content\/uploads\/2022\/04\/cropped-KS_BRAND_FB_PROFILE_1.jpg","width":480,"height":480,"caption":"Kecskem\u00e9ti Szimfonikus Zenekar"},"image":{"@id":"https:\/\/kecskemetsymphony.com\/#\/schema\/logo\/image\/"},"sameAs":["https:\/\/www.facebook.com\/kecskemetiszimfonikuszenekar"]}]}},"_links":{"self":[{"href":"https:\/\/kecskemetsymphony.com\/index.php\/wp-json\/wp\/v2\/pages\/65","targetHints":{"allow":["GET"]}}],"collection":[{"href":"https:\/\/kecskemetsymphony.com\/index.php\/wp-json\/wp\/v2\/pages"}],"about":[{"href":"https:\/\/kecskemetsymphony.com\/index.php\/wp-json\/wp\/v2\/types\/page"}],"author":[{"embeddable":true,"href":"https:\/\/kecskemetsymphony.com\/index.php\/wp-json\/wp\/v2\/users\/1"}],"replies":[{"embeddable":true,"href":"https:\/\/kecskemetsymphony.com\/index.php\/wp-json\/wp\/v2\/comments?post=65"}],"version-history":[{"count":260,"href":"https:\/\/kecskemetsymphony.com\/index.php\/wp-json\/wp\/v2\/pages\/65\/revisions"}],"predecessor-version":[{"id":3634,"href":"https:\/\/kecskemetsymphony.com\/index.php\/wp-json\/wp\/v2\/pages\/65\/revisions\/3634"}],"wp:attachment":[{"href":"https:\/\/kecskemetsymphony.com\/index.php\/wp-json\/wp\/v2\/media?parent=65"}],"curies":[{"name":"wp","href":"https:\/\/api.w.org\/{rel}","templated":true}]}}